Last updated on 2021-11-01 00:49:49 CET.
Flavor | Version | Tinstall | Tcheck | Ttotal | Status | Flags |
---|---|---|---|---|---|---|
r-devel-linux-x86_64-debian-clang | 1.4-1 | 16.58 | 145.65 | 162.23 | OK | |
r-devel-linux-x86_64-debian-gcc | 1.4-1 | 14.29 | 118.54 | 132.83 | OK | |
r-devel-linux-x86_64-fedora-clang | 1.4-1 | 205.83 | NOTE | |||
r-devel-linux-x86_64-fedora-gcc | 1.4-1 | 195.60 | OK | |||
r-devel-windows-x86_64 | 1.4-1 | 30.00 | 133.00 | 163.00 | OK | |
r-devel-windows-x86_64-gcc10-UCRT | 1.4-1 | OK | ||||
r-patched-linux-x86_64 | 1.4-1 | 21.78 | 140.71 | 162.49 | OK | |
r-patched-solaris-x86 | 1.4-1 | 250.90 | NOTE | |||
r-release-linux-x86_64 | 1.4-1 | 16.30 | 139.04 | 155.34 | OK | |
r-release-macos-arm64 | 1.4-1 | NOTE | ||||
r-release-macos-x86_64 | 1.4-1 | OK | ||||
r-release-windows-ix86+x86_64 | 1.4-1 | 27.00 | 186.00 | 213.00 | OK | |
r-oldrel-macos-x86_64 | 1.4-1 | OK | ||||
r-oldrel-windows-ix86+x86_64 | 1.4-1 | 28.00 | 254.00 | 282.00 | OK |
Version: 1.4-1
Check: installed package size
Result: NOTE
installed size is 5.0Mb
sub-directories of 1Mb or more:
data 3.7Mb
Flavors: r-devel-linux-x86_64-fedora-clang, r-patched-solaris-x86, r-release-macos-arm64