Last updated on 2021-11-01 00:49:49 CET.
Flavor | Version | Tinstall | Tcheck | Ttotal | Status | Flags |
---|---|---|---|---|---|---|
r-devel-linux-x86_64-debian-clang | 0.1.2.0 | 609.79 | 115.94 | 725.73 | NOTE | |
r-devel-linux-x86_64-debian-gcc | 0.1.2.0 | 549.83 | 114.55 | 664.38 | NOTE | |
r-devel-linux-x86_64-fedora-clang | 0.1.2.0 | 1132.02 | NOTE | |||
r-devel-linux-x86_64-fedora-gcc | 0.1.2.0 | 1197.16 | NOTE | |||
r-devel-windows-x86_64 | 0.1.2.0 | 728.00 | 138.00 | 866.00 | NOTE | |
r-devel-windows-x86_64-gcc10-UCRT | 0.1.2.0 | WARN | ||||
r-patched-linux-x86_64 | 0.1.2.0 | 597.99 | 141.53 | 739.52 | NOTE | |
r-patched-solaris-x86 | 0.1.2.0 | 1032.70 | NOTE | |||
r-release-linux-x86_64 | 0.1.2.0 | 611.58 | 141.00 | 752.58 | NOTE | |
r-release-macos-arm64 | 0.1.2.0 | NOTE | ||||
r-release-macos-x86_64 | 0.1.2.0 | NOTE | ||||
r-release-windows-ix86+x86_64 | 0.1.2.0 | 1064.00 | 202.00 | 1266.00 | NOTE | |
r-oldrel-macos-x86_64 | 0.1.2.0 | NOTE | ||||
r-oldrel-windows-ix86+x86_64 | 0.1.2.0 | 1062.00 | 265.00 | 1327.00 | NOTE |
Version: 0.1.2.0
Check: LazyData
Result: NOTE
'LazyData' is specified without a 'data' directory
Flavors: r-devel-linux-x86_64-debian-clang, r-devel-linux-x86_64-debian-gcc, r-devel-linux-x86_64-fedora-clang, r-devel-linux-x86_64-fedora-gcc, r-devel-windows-x86_64, r-devel-windows-x86_64-gcc10-UCRT, r-patched-linux-x86_64, r-patched-solaris-x86, r-release-linux-x86_64, r-release-macos-arm64, r-release-macos-x86_64, r-release-windows-ix86+x86_64
Version: 0.1.2.0
Check: for GNU extensions in Makefiles
Result: NOTE
GNU make is a SystemRequirements.
Flavors: r-devel-linux-x86_64-debian-clang, r-devel-linux-x86_64-debian-gcc, r-devel-linux-x86_64-fedora-clang, r-devel-linux-x86_64-fedora-gcc, r-devel-windows-x86_64, r-devel-windows-x86_64-gcc10-UCRT, r-patched-linux-x86_64, r-patched-solaris-x86, r-release-linux-x86_64, r-release-macos-arm64, r-release-macos-x86_64, r-release-windows-ix86+x86_64, r-oldrel-macos-x86_64, r-oldrel-windows-ix86+x86_64
Version: 0.1.2.0
Check: installed package size
Result: NOTE
installed size is 77.4Mb
sub-directories of 1Mb or more:
libs 77.1Mb
Flavors: r-devel-linux-x86_64-fedora-clang, r-patched-solaris-x86, r-release-macos-arm64, r-release-macos-x86_64, r-release-windows-ix86+x86_64, r-oldrel-macos-x86_64, r-oldrel-windows-ix86+x86_64
Version: 0.1.2.0
Check: line endings in C/C++/Fortran sources/headers
Result: NOTE
Found the following sources/headers with CR or CRLF line endings:
src/RcppExports.cpp
src/stanExports_qmixbf.h
src/stanExports_qmixbfv.h
src/stanExports_qmixbr.h
src/stanExports_qmixbrv.h
src/stanExports_qmixcf.h
src/stanExports_qmixcr.h
Some Unix compilers require LF line endings.
Flavor: r-devel-windows-x86_64-gcc10-UCRT
Version: 0.1.2.0
Check: line endings in Makefiles
Result: WARN
Found the following Makefile(s) with CR or CRLF line endings:
src/Makevars
Some Unix 'make' programs require LF line endings.
Flavor: r-devel-windows-x86_64-gcc10-UCRT