CRAN Package Check Results for Package ptm

Last updated on 2021-11-01 00:49:49 CET.

Flavor Version Tinstall Tcheck Ttotal Status Flags
r-devel-linux-x86_64-debian-clang 0.2.4 25.53 196.98 222.51 OK
r-devel-linux-x86_64-debian-gcc 0.2.4 18.54 150.02 168.56 OK
r-devel-linux-x86_64-fedora-clang 0.2.4 272.41 OK
r-devel-linux-x86_64-fedora-gcc 0.2.4 254.60 OK
r-devel-windows-x86_64 0.2.4 34.00 206.00 240.00 OK
r-devel-windows-x86_64-gcc10-UCRT 0.2.4 OK
r-patched-linux-x86_64 0.2.4 16.60 188.57 205.17 OK
r-patched-solaris-x86 0.2.4 358.90 OK
r-release-linux-x86_64 0.2.4 21.77 189.34 211.11 OK
r-release-macos-arm64 0.2.4 ERROR
r-release-macos-x86_64 0.2.4 ERROR
r-release-windows-ix86+x86_64 0.2.4 31.00 196.00 227.00 OK
r-oldrel-macos-x86_64 0.2.4 ERROR
r-oldrel-windows-ix86+x86_64 0.2.4 33.00 254.00 287.00 OK

Check Details

Version: 0.2.4
Check: package dependencies
Result: ERROR
    Package required but not available: ‘muscle’
    
    See section ‘The DESCRIPTION file’ in the ‘Writing R Extensions’
    manual.
Flavors: r-release-macos-arm64, r-release-macos-x86_64

Version: 0.2.4
Check: package dependencies
Result: ERROR
    Package required but not available: ‘muscle’
    
    Package suggested but not available for checking: ‘KEGGREST’
    
    See section ‘The DESCRIPTION file’ in the ‘Writing R Extensions’
    manual.
Flavor: r-oldrel-macos-x86_64