Last updated on 2021-11-01 00:49:49 CET.
Flavor | Version | Tinstall | Tcheck | Ttotal | Status | Flags |
---|---|---|---|---|---|---|
r-devel-linux-x86_64-debian-clang | 0.10 | 852.06 | 201.65 | 1053.71 | OK | |
r-devel-linux-x86_64-debian-gcc | 0.10 | 677.20 | 149.45 | 826.65 | OK | |
r-devel-linux-x86_64-fedora-clang | 0.10 | 1755.61 | NOTE | |||
r-devel-linux-x86_64-fedora-gcc | 0.10 | 1630.41 | OK | |||
r-devel-windows-x86_64 | 0.10 | 951.00 | 200.00 | 1151.00 | OK | |
r-devel-windows-x86_64-gcc10-UCRT | 0.10 | OK | ||||
r-patched-linux-x86_64 | 0.10 | 800.50 | 191.44 | 991.94 | OK | |
r-patched-solaris-x86 | 0.10 | 1299.60 | OK | |||
r-release-linux-x86_64 | 0.10 | 807.13 | 192.07 | 999.20 | OK | |
r-release-macos-arm64 | 0.10 | NOTE | ||||
r-release-macos-x86_64 | 0.10 | NOTE | ||||
r-release-windows-ix86+x86_64 | 0.10 | 1460.00 | 257.00 | 1717.00 | NOTE | |
r-oldrel-macos-x86_64 | 0.10 | NOTE | ||||
r-oldrel-windows-ix86+x86_64 | 0.10 | 1750.00 | 271.00 | 2021.00 | NOTE |
Version: 0.10
Check: installed package size
Result: NOTE
installed size is 35.8Mb
sub-directories of 1Mb or more:
libs 34.7Mb
Flavors: r-devel-linux-x86_64-fedora-clang, r-release-macos-arm64, r-release-macos-x86_64, r-release-windows-ix86+x86_64, r-oldrel-macos-x86_64, r-oldrel-windows-ix86+x86_64