CRAN Package Check Results for Package psqn

Last updated on 2021-11-01 00:49:49 CET.

Flavor Version Tinstall Tcheck Ttotal Status Flags
r-devel-linux-x86_64-debian-clang 0.2.1 56.43 93.59 150.02 OK
r-devel-linux-x86_64-debian-gcc 0.2.1 49.27 67.96 117.23 OK
r-devel-linux-x86_64-fedora-clang 0.2.1 229.19 NOTE
r-devel-linux-x86_64-fedora-gcc 0.2.1 201.96 OK
r-devel-windows-x86_64 0.2.1 71.00 97.00 168.00 OK
r-devel-windows-x86_64-gcc10-UCRT 0.2.1 OK
r-patched-linux-x86_64 0.2.1 40.59 89.24 129.83 OK
r-patched-solaris-x86 0.2.1 151.10 OK
r-release-linux-x86_64 0.2.1 53.52 90.18 143.70 OK
r-release-macos-arm64 0.2.1 NOTE
r-release-macos-x86_64 0.2.1 NOTE
r-release-windows-ix86+x86_64 0.2.1 100.00 148.00 248.00 OK
r-oldrel-macos-x86_64 0.2.1 NOTE
r-oldrel-windows-ix86+x86_64 0.2.1 101.00 202.00 303.00 OK

Check Details

Version: 0.2.1
Check: installed package size
Result: NOTE
     installed size is 9.1Mb
     sub-directories of 1Mb or more:
     libs 8.5Mb
Flavors: r-devel-linux-x86_64-fedora-clang, r-release-macos-arm64, r-release-macos-x86_64, r-oldrel-macos-x86_64