CRAN Package Check Results for Package psgp

Last updated on 2021-11-01 00:49:49 CET.

Flavor Version Tinstall Tcheck Ttotal Status Flags
r-devel-linux-x86_64-debian-clang 0.3-19 249.61 66.13 315.74 OK
r-devel-linux-x86_64-debian-gcc 0.3-19 185.71 52.17 237.88 OK
r-devel-linux-x86_64-fedora-clang 0.3-19 534.07 NOTE
r-devel-linux-x86_64-fedora-gcc 0.3-19 450.47 OK
r-devel-windows-x86_64 0.3-19 341.00 73.00 414.00 OK
r-devel-windows-x86_64-gcc10-UCRT 0.3-19 OK
r-patched-linux-x86_64 0.3-19 223.12 64.67 287.79 OK
r-patched-solaris-x86 0.3-19 428.70 OK
r-release-linux-x86_64 0.3-19 227.57 65.90 293.47 OK
r-release-macos-arm64 0.3-19 NOTE
r-release-macos-x86_64 0.3-19 NOTE
r-release-windows-ix86+x86_64 0.3-19 507.00 105.00 612.00 OK
r-oldrel-macos-x86_64 0.3-19 NOTE
r-oldrel-windows-ix86+x86_64 0.3-19 512.00 133.00 645.00 OK

Check Details

Version: 0.3-19
Check: installed package size
Result: NOTE
     installed size is 7.4Mb
     sub-directories of 1Mb or more:
     libs 7.3Mb
Flavors: r-devel-linux-x86_64-fedora-clang, r-release-macos-arm64, r-release-macos-x86_64, r-oldrel-macos-x86_64