CRAN Package Check Results for Package psSubpathway

Last updated on 2021-11-01 00:49:49 CET.

Flavor Version Tinstall Tcheck Ttotal Status Flags
r-devel-linux-x86_64-debian-clang 0.1.1 42.77 378.43 421.20 OK
r-devel-linux-x86_64-debian-gcc 0.1.1 38.52 295.21 333.73 OK
r-devel-linux-x86_64-fedora-clang 0.1.1 533.62 OK
r-devel-linux-x86_64-fedora-gcc 0.1.1 514.09 OK
r-devel-windows-x86_64 0.1.1 67.00 372.00 439.00 OK
r-devel-windows-x86_64-gcc10-UCRT 0.1.1 OK
r-patched-linux-x86_64 0.1.1 45.80 357.37 403.17 OK
r-patched-solaris-x86 0.1.1 791.00 OK
r-release-linux-x86_64 0.1.1 39.36 364.29 403.65 OK
r-release-macos-arm64 0.1.1 NOTE
r-release-macos-x86_64 0.1.1 OK
r-release-windows-ix86+x86_64 0.1.1 75.00 509.00 584.00 OK
r-oldrel-macos-x86_64 0.1.1 OK
r-oldrel-windows-ix86+x86_64 0.1.1 57.00 520.00 577.00 OK

Check Details

Version: 0.1.1
Check: installed package size
Result: NOTE
     installed size is 5.1Mb
     sub-directories of 1Mb or more:
     data 4.6Mb
Flavor: r-release-macos-arm64