Last updated on 2021-11-01 00:49:49 CET.
Flavor | Version | Tinstall | Tcheck | Ttotal | Status | Flags |
---|---|---|---|---|---|---|
r-devel-linux-x86_64-debian-clang | 2.1.1 | 67.13 | 30.77 | 97.90 | OK | |
r-devel-linux-x86_64-debian-gcc | 2.1.1 | 50.59 | 24.44 | 75.03 | OK | |
r-devel-linux-x86_64-fedora-clang | 2.1.1 | 168.33 | OK | |||
r-devel-linux-x86_64-fedora-gcc | 2.1.1 | 141.56 | OK | |||
r-devel-windows-x86_64 | 2.1.1 | 97.00 | 55.00 | 152.00 | OK | |
r-devel-windows-x86_64-gcc10-UCRT | 2.1.1 | WARN | ||||
r-patched-linux-x86_64 | 2.1.1 | 60.70 | 30.02 | 90.72 | OK | |
r-patched-solaris-x86 | 2.1.1 | 136.20 | OK | |||
r-release-linux-x86_64 | 2.1.1 | 63.33 | 30.59 | 93.92 | OK | |
r-release-macos-arm64 | 2.1.1 | NOTE | ||||
r-release-macos-x86_64 | 2.1.1 | NOTE | ||||
r-release-windows-ix86+x86_64 | 2.1.1 | 129.00 | 73.00 | 202.00 | NOTE | |
r-oldrel-macos-x86_64 | 2.1.1 | NOTE | ||||
r-oldrel-windows-ix86+x86_64 | 2.1.1 | 128.00 | 91.00 | 219.00 | NOTE |
Version: 2.1.1
Check: whether package can be installed
Result: WARN
Found the following significant warnings:
WARNING: failed to apply patch patches/CRAN/protolite.diff
Flavor: r-devel-windows-x86_64-gcc10-UCRT
Version: 2.1.1
Check: installed package size
Result: NOTE
installed size is 28.3Mb
sub-directories of 1Mb or more:
libs 28.2Mb
Flavors: r-release-macos-arm64, r-release-macos-x86_64, r-release-windows-ix86+x86_64, r-oldrel-macos-x86_64, r-oldrel-windows-ix86+x86_64