CRAN Package Check Results for Package prospectr

Last updated on 2021-11-01 00:49:49 CET.

Flavor Version Tinstall Tcheck Ttotal Status Flags
r-devel-linux-x86_64-debian-clang 0.2.1 41.74 105.88 147.62 OK
r-devel-linux-x86_64-debian-gcc 0.2.1 31.80 82.77 114.57 OK
r-devel-linux-x86_64-fedora-clang 0.2.1 208.25 OK
r-devel-linux-x86_64-fedora-gcc 0.2.1 186.56 OK
r-devel-windows-x86_64 0.2.1 58.00 119.00 177.00 OK
r-devel-windows-x86_64-gcc10-UCRT 0.2.1 OK
r-patched-linux-x86_64 0.2.1 39.06 101.29 140.35 OK
r-patched-solaris-x86 0.2.1 252.40 OK
r-release-linux-x86_64 0.2.1 39.23 103.01 142.24 OK
r-release-macos-arm64 0.2.1 NOTE
r-release-macos-x86_64 0.2.1 NOTE
r-release-windows-ix86+x86_64 0.2.1 81.00 175.00 256.00 OK
r-oldrel-macos-x86_64 0.2.1 NOTE
r-oldrel-windows-ix86+x86_64 0.2.1 82.00 213.00 295.00 OK

Check Details

Version: 0.2.1
Check: installed package size
Result: NOTE
     installed size is 6.2Mb
     sub-directories of 1Mb or more:
     data 2.1Mb
     libs 3.4Mb
Flavors: r-release-macos-arm64, r-release-macos-x86_64, r-oldrel-macos-x86_64