Last updated on 2021-11-01 00:49:48 CET.
Flavor | Version | Tinstall | Tcheck | Ttotal | Status | Flags |
---|---|---|---|---|---|---|
r-devel-linux-x86_64-debian-clang | 2.0.2 | 48.19 | 324.54 | 372.73 | OK | |
r-devel-linux-x86_64-debian-gcc | 2.0.2 | 37.18 | 236.62 | 273.80 | OK | |
r-devel-linux-x86_64-fedora-clang | 2.0.2 | 469.37 | NOTE | |||
r-devel-linux-x86_64-fedora-gcc | 2.0.2 | 444.41 | NOTE | |||
r-devel-windows-x86_64 | 2.0.2 | 67.00 | 292.00 | 359.00 | OK | |
r-devel-windows-x86_64-gcc10-UCRT | 2.0.2 | NOTE | ||||
r-patched-linux-x86_64 | 2.0.2 | 43.87 | 305.68 | 349.55 | OK | |
r-patched-solaris-x86 | 2.0.2 | 548.00 | NOTE | |||
r-release-linux-x86_64 | 2.0.2 | 48.60 | 308.56 | 357.16 | OK | |
r-release-macos-arm64 | 2.0.2 | NOTE | ||||
r-release-macos-x86_64 | 2.0.2 | NOTE | ||||
r-release-windows-ix86+x86_64 | 2.0.2 | 87.00 | 468.00 | 555.00 | OK | |
r-oldrel-macos-x86_64 | 2.0.2 | NOTE | ||||
r-oldrel-windows-ix86+x86_64 | 2.0.2 | 88.00 | 632.00 | 720.00 | OK |
Version: 2.0.2
Check: dependencies in R code
Result: NOTE
Namespaces in Imports field not imported from:
‘MASS’ ‘optimx’ ‘tidyverse’
All declared Imports should be used.
Flavors: r-devel-linux-x86_64-fedora-clang, r-devel-linux-x86_64-fedora-gcc, r-devel-windows-x86_64-gcc10-UCRT, r-patched-solaris-x86, r-release-macos-arm64, r-release-macos-x86_64, r-oldrel-macos-x86_64