Last updated on 2021-11-01 00:49:48 CET.
Flavor | Version | Tinstall | Tcheck | Ttotal | Status | Flags |
---|---|---|---|---|---|---|
r-devel-linux-x86_64-debian-clang | 1.3.13 | 26.55 | 44.01 | 70.56 | OK | |
r-devel-linux-x86_64-debian-gcc | 1.3.13 | 18.88 | 35.06 | 53.94 | OK | |
r-devel-linux-x86_64-fedora-clang | 1.3.13 | 107.48 | OK | |||
r-devel-linux-x86_64-fedora-gcc | 1.3.13 | 89.95 | OK | |||
r-devel-windows-x86_64 | 1.3.13 | 34.00 | 69.00 | 103.00 | OK | |
r-devel-windows-x86_64-gcc10-UCRT | 1.3.13 | OK | ||||
r-patched-linux-x86_64 | 1.3.13 | 24.06 | 42.68 | 66.74 | OK | |
r-patched-solaris-x86 | 1.3.13 | 99.80 | OK | |||
r-release-linux-x86_64 | 1.3.13 | 22.50 | 43.47 | 65.97 | OK | |
r-release-macos-arm64 | 1.3.13 | NOTE | ||||
r-release-macos-x86_64 | 1.3.13 | NOTE | ||||
r-release-windows-ix86+x86_64 | 1.3.13 | 45.00 | 105.00 | 150.00 | OK | |
r-oldrel-macos-x86_64 | 1.3.13 | NOTE | ||||
r-oldrel-windows-ix86+x86_64 | 1.3.13 | 45.00 | 120.00 | 165.00 | OK |
Version: 1.3.13
Check: package dependencies
Result: NOTE
Package suggested but not available for checking: ‘lfa’
Flavors: r-release-macos-arm64, r-release-macos-x86_64, r-oldrel-macos-x86_64