CRAN Package Check Results for Package polite

Last updated on 2021-11-01 00:49:48 CET.

Flavor Version Tinstall Tcheck Ttotal Status Flags
r-devel-linux-x86_64-debian-clang 0.1.1 3.69 32.55 36.24 NOTE
r-devel-linux-x86_64-debian-gcc 0.1.1 2.89 26.13 29.02 NOTE
r-devel-linux-x86_64-fedora-clang 0.1.1 54.56 NOTE
r-devel-linux-x86_64-fedora-gcc 0.1.1 44.64 NOTE
r-devel-windows-x86_64 0.1.1 7.00 42.00 49.00 NOTE
r-devel-windows-x86_64-gcc10-UCRT 0.1.1 NOTE
r-patched-linux-x86_64 0.1.1 3.41 31.99 35.40 NOTE
r-patched-solaris-x86 0.1.1 69.60 NOTE
r-release-linux-x86_64 0.1.1 3.72 32.01 35.73 NOTE
r-release-macos-arm64 0.1.1 NOTE
r-release-macos-x86_64 0.1.1 NOTE
r-release-windows-ix86+x86_64 0.1.1 7.00 49.00 56.00 ERROR
r-oldrel-macos-x86_64 0.1.1 OK
r-oldrel-windows-ix86+x86_64 0.1.1 9.00 54.00 63.00 OK

Check Details

Version: 0.1.1
Check: LazyData
Result: NOTE
     'LazyData' is specified without a 'data' directory
Flavors: r-devel-linux-x86_64-debian-clang, r-devel-linux-x86_64-debian-gcc, r-devel-linux-x86_64-fedora-clang, r-devel-linux-x86_64-fedora-gcc, r-devel-windows-x86_64, r-devel-windows-x86_64-gcc10-UCRT, r-patched-linux-x86_64, r-patched-solaris-x86, r-release-linux-x86_64, r-release-macos-arm64, r-release-macos-x86_64, r-release-windows-ix86+x86_64

Version: 0.1.1
Check: Rd cross-references
Result: NOTE
    Undeclared package ‘purrr’ in Rd xrefs
Flavor: r-devel-linux-x86_64-fedora-clang

Version: 0.1.1
Check: tests
Result: ERROR
     Running 'testthat.R' [12s]
    Running the tests in 'tests/testthat.R' failed.
    Complete output:
     > library(testthat)
     > library(polite)
     >
     > test_check("polite")
     == Failed tests ================================================================
     -- Error (test_bow.R:5:2): Bow warns about disallowed url ----------------------
     Error in `curl::curl_fetch_memory(url, handle = handle)`: Timeout was reached: [www.wikipedia.org] Connection timed out after 10000 milliseconds
     Backtrace:
     x
     1. +-testthat::expect_warning(...) test_bow.R:5:1
     2. | \-testthat:::quasi_capture(enquo(object), label, capture_warnings)
     3. | +-testthat:::.capture(...)
     4. | | \-base::withCallingHandlers(...)
     5. | \-rlang::eval_bare(quo_get_expr(.quo), quo_get_env(.quo))
     6. \-polite::bow("https://www.wikipedia.org/w/", verbose = TRUE)
     7. \-robotstxt::robotstxt(...)
     8. \-robotstxt::get_robotstxt(...)
     9. \-robotstxt:::rt_robotstxt_http_getter(...)
     10. \-httr::GET(...)
     11. \-httr:::request_perform(req, hu$handle$handle)
     12. +-httr:::request_fetch(req$output, req$url, handle)
     13. \-httr:::request_fetch.write_memory(req$output, req$url, handle)
     14. \-curl::curl_fetch_memory(url, handle = handle)
    
     [ FAIL 1 | WARN 0 | SKIP 0 | PASS 1 ]
     Error: Test failures
     Execution halted
Flavor: r-release-windows-ix86+x86_64