CRAN Package Check Results for Package poisDoubleSamp

Last updated on 2021-11-01 00:49:48 CET.

Flavor Version Tinstall Tcheck Ttotal Status Flags
r-devel-linux-x86_64-debian-clang 1.1 23.46 28.54 52.00 NOTE
r-devel-linux-x86_64-debian-gcc 1.1 16.25 22.50 38.75 NOTE
r-devel-linux-x86_64-fedora-clang 1.1 85.74 NOTE
r-devel-linux-x86_64-fedora-gcc 1.1 66.98 NOTE
r-devel-windows-x86_64 1.1 32.00 45.00 77.00 NOTE
r-devel-windows-x86_64-gcc10-UCRT 1.1 NOTE
r-patched-linux-x86_64 1.1 19.99 28.11 48.10 NOTE
r-patched-solaris-x86 1.1 76.90 NOTE
r-release-linux-x86_64 1.1 19.68 27.79 47.47 NOTE
r-release-macos-arm64 1.1 NOTE
r-release-macos-x86_64 1.1 NOTE
r-release-windows-ix86+x86_64 1.1 44.00 60.00 104.00 NOTE
r-oldrel-macos-x86_64 1.1 NOTE
r-oldrel-windows-ix86+x86_64 1.1 45.00 69.00 114.00 NOTE

Check Details

Version: 1.1
Check: R code for possible problems
Result: NOTE
    approxMargMLE: no visible global function definition for 'optim'
    approxMargMLECI : ciFunction: no visible global function definition for
     'qchisq'
    approxMargMLECI: no visible global function definition for 'uniroot'
    margMLE: no visible global function definition for 'optim'
    margMLECI: no visible global function definition for 'optim'
    margMLECI : unNormLikeMinusVal: no visible global function definition
     for 'qchisq'
    margMLECI: no visible global function definition for 'uniroot'
    profMLECI : ciFunction: no visible global function definition for
     'qchisq'
    profMLECI: no visible global function definition for 'uniroot'
    rtbinom: no visible global function definition for 'rbinom'
    rtpois: no visible global function definition for 'rpois'
    waldCI: no visible global function definition for 'qnorm'
    Undefined global functions or variables:
     optim qchisq qnorm rbinom rpois uniroot
    Consider adding
     importFrom("stats", "optim", "qchisq", "qnorm", "rbinom", "rpois",
     "uniroot")
    to your NAMESPACE file.
Flavors: r-devel-linux-x86_64-debian-clang, r-devel-linux-x86_64-debian-gcc, r-devel-linux-x86_64-fedora-clang, r-devel-linux-x86_64-fedora-gcc, r-devel-windows-x86_64, r-devel-windows-x86_64-gcc10-UCRT, r-patched-linux-x86_64, r-patched-solaris-x86, r-release-linux-x86_64, r-release-macos-arm64, r-release-macos-x86_64, r-release-windows-ix86+x86_64, r-oldrel-macos-x86_64, r-oldrel-windows-ix86+x86_64

Version: 1.1
Check: LazyData
Result: NOTE
     'LazyData' is specified without a 'data' directory
Flavors: r-devel-linux-x86_64-debian-clang, r-devel-linux-x86_64-debian-gcc, r-devel-linux-x86_64-fedora-clang, r-devel-linux-x86_64-fedora-gcc, r-devel-windows-x86_64, r-devel-windows-x86_64-gcc10-UCRT, r-patched-linux-x86_64, r-patched-solaris-x86, r-release-linux-x86_64, r-release-macos-arm64, r-release-macos-x86_64, r-release-windows-ix86+x86_64

Version: 1.1
Check: compiled code
Result: NOTE
    File ‘poisDoubleSamp/libs/poisDoubleSamp.so’:
     Found no calls to: ‘R_registerRoutines’, ‘R_useDynamicSymbols’
    
    It is good practice to register native routines and to disable symbol
    search.
    
    See ‘Writing portable packages’ in the ‘Writing R Extensions’ manual.
Flavors: r-devel-linux-x86_64-fedora-clang, r-devel-linux-x86_64-fedora-gcc