CRAN Package Check Results for Package plumber

Last updated on 2021-11-01 00:49:48 CET.

Flavor Version Tinstall Tcheck Ttotal Status Flags
r-devel-linux-x86_64-debian-clang 1.1.0 14.93 82.48 97.41 NOTE
r-devel-linux-x86_64-debian-gcc 1.1.0 11.09 96.47 107.56 NOTE
r-devel-linux-x86_64-fedora-clang 1.1.0 175.51 NOTE
r-devel-linux-x86_64-fedora-gcc 1.1.0 195.06 NOTE
r-devel-windows-x86_64 1.1.0 20.00 86.00 106.00 NOTE
r-devel-windows-x86_64-gcc10-UCRT 1.1.0 NOTE
r-patched-linux-x86_64 1.1.0 15.61 117.01 132.62 NOTE
r-patched-solaris-x86 1.1.0 140.60 ERROR
r-release-linux-x86_64 1.1.0 11.55 115.96 127.51 NOTE
r-release-macos-arm64 1.1.0 NOTE
r-release-macos-x86_64 1.1.0 NOTE
r-release-windows-ix86+x86_64 1.1.0 16.00 82.00 98.00 NOTE
r-oldrel-macos-x86_64 1.1.0 OK
r-oldrel-windows-ix86+x86_64 1.1.0 16.00 99.00 115.00 OK

Check Details

Version: 1.1.0
Check: LazyData
Result: NOTE
     'LazyData' is specified without a 'data' directory
Flavors: r-devel-linux-x86_64-debian-clang, r-devel-linux-x86_64-debian-gcc, r-devel-linux-x86_64-fedora-clang, r-devel-linux-x86_64-fedora-gcc, r-devel-windows-x86_64, r-devel-windows-x86_64-gcc10-UCRT, r-patched-linux-x86_64, r-patched-solaris-x86, r-release-linux-x86_64, r-release-macos-arm64, r-release-macos-x86_64, r-release-windows-ix86+x86_64

Version: 1.1.0
Check: tests
Result: ERROR
     Running ‘spelling.R’
     Running ‘testthat.R’ [1m/180m]
    Running the tests in ‘tests/testthat.R’ failed.
    Complete output:
     > library(testthat)
     > library(plumber)
     >
     > test_check("plumber")
    
    
     Execution halted
Flavor: r-patched-solaris-x86