Last updated on 2021-11-01 00:49:48 CET.
Flavor | Version | Tinstall | Tcheck | Ttotal | Status | Flags |
---|---|---|---|---|---|---|
r-devel-linux-x86_64-debian-clang | 1.6 | 108.41 | 77.18 | 185.59 | OK | |
r-devel-linux-x86_64-debian-gcc | 1.6 | 82.64 | 57.91 | 140.55 | OK | |
r-devel-linux-x86_64-fedora-clang | 1.6 | 283.59 | NOTE | |||
r-devel-linux-x86_64-fedora-gcc | 1.6 | 251.11 | NOTE | |||
r-devel-windows-x86_64 | 1.6 | 143.00 | 89.00 | 232.00 | OK | |
r-devel-windows-x86_64-gcc10-UCRT | 1.6 | OK | ||||
r-patched-linux-x86_64 | 1.6 | 86.19 | 63.05 | 149.24 | OK | |
r-patched-solaris-x86 | 1.6 | 223.70 | OK | |||
r-release-linux-x86_64 | 1.6 | 98.10 | 63.12 | 161.22 | OK | |
r-release-macos-arm64 | 1.6 | NOTE | ||||
r-release-macos-x86_64 | 1.6 | NOTE | ||||
r-release-windows-ix86+x86_64 | 1.6 | 208.00 | 92.00 | 300.00 | OK | |
r-oldrel-macos-x86_64 | 1.6 | NOTE | ||||
r-oldrel-windows-ix86+x86_64 | 1.6 | 203.00 | 120.00 | 323.00 | OK |
Version: 1.6
Check: compiled code
Result: NOTE
File ‘planar/libs/planar.so’:
Found no calls to: ‘R_registerRoutines’, ‘R_useDynamicSymbols’
It is good practice to register native routines and to disable symbol
search.
See ‘Writing portable packages’ in the ‘Writing R Extensions’ manual.
Flavors: r-devel-linux-x86_64-fedora-clang, r-devel-linux-x86_64-fedora-gcc
Version: 1.6
Check: installed package size
Result: NOTE
installed size is 6.9Mb
sub-directories of 1Mb or more:
libs 6.3Mb
Flavors: r-release-macos-arm64, r-release-macos-x86_64, r-oldrel-macos-x86_64