Last updated on 2021-11-01 00:49:48 CET.
Flavor | Version | Tinstall | Tcheck | Ttotal | Status | Flags |
---|---|---|---|---|---|---|
r-devel-linux-x86_64-debian-clang | 0.4.23 | 6.55 | 107.79 | 114.34 | OK | |
r-devel-linux-x86_64-debian-gcc | 0.4.23 | 4.24 | 78.95 | 83.19 | OK | |
r-devel-linux-x86_64-fedora-clang | 0.4.23 | 146.36 | NOTE | |||
r-devel-linux-x86_64-fedora-gcc | 0.4.23 | 127.09 | NOTE | |||
r-devel-windows-x86_64 | 0.4.23 | 10.00 | 104.00 | 114.00 | OK | |
r-devel-windows-x86_64-gcc10-UCRT | 0.4.23 | NOTE | ||||
r-patched-linux-x86_64 | 0.4.23 | 6.77 | 98.54 | 105.31 | OK | |
r-patched-solaris-x86 | 0.4.23 | 114.20 | NOTE | |||
r-release-linux-x86_64 | 0.4.23 | 5.09 | 98.58 | 103.67 | OK | |
r-release-macos-arm64 | 0.4.23 | NOTE | ||||
r-release-macos-x86_64 | 0.4.23 | NOTE | ||||
r-release-windows-ix86+x86_64 | 0.4.23 | 10.00 | 93.00 | 103.00 | OK | |
r-oldrel-macos-x86_64 | 0.4.23 | NOTE | ||||
r-oldrel-windows-ix86+x86_64 | 0.4.23 | 9.00 | 130.00 | 139.00 | OK |
Version: 0.4.23
Check: dependencies in R code
Result: NOTE
Namespace in Imports field not imported from: ‘lazyeval’
All declared Imports should be used.
Flavors: r-devel-linux-x86_64-fedora-clang, r-devel-linux-x86_64-fedora-gcc, r-devel-windows-x86_64-gcc10-UCRT, r-patched-solaris-x86, r-release-macos-arm64, r-release-macos-x86_64, r-oldrel-macos-x86_64