Last updated on 2021-11-01 00:49:48 CET.
Flavor | Version | Tinstall | Tcheck | Ttotal | Status | Flags |
---|---|---|---|---|---|---|
r-devel-linux-x86_64-debian-clang | 0.3.2 | 76.12 | 192.70 | 268.82 | OK | |
r-devel-linux-x86_64-debian-gcc | 0.3.2 | 56.44 | 167.79 | 224.23 | OK | |
r-devel-linux-x86_64-fedora-clang | 0.3.2 | 373.26 | OK | |||
r-devel-linux-x86_64-fedora-gcc | 0.3.2 | 325.08 | OK | |||
r-devel-windows-x86_64 | 0.3.2 | 99.00 | 194.00 | 293.00 | OK | |
r-devel-windows-x86_64-gcc10-UCRT | 0.3.2 | OK | ||||
r-patched-linux-x86_64 | 0.3.2 | 65.00 | 183.48 | 248.48 | OK | |
r-patched-solaris-x86 | 0.3.2 | 336.00 | OK | |||
r-release-linux-x86_64 | 0.3.2 | 69.33 | 182.75 | 252.08 | OK | |
r-release-macos-arm64 | 0.3.2 | NOTE | ||||
r-release-macos-x86_64 | 0.3.2 | OK | ||||
r-release-windows-ix86+x86_64 | 0.3.2 | 133.00 | 257.00 | 390.00 | OK | |
r-oldrel-macos-x86_64 | 0.3.2 | OK | ||||
r-oldrel-windows-ix86+x86_64 | 0.3.2 | 138.00 | 361.00 | 499.00 | OK |
Version: 0.3.2
Check: installed package size
Result: NOTE
installed size is 5.2Mb
sub-directories of 1Mb or more:
libs 4.1Mb
Flavor: r-release-macos-arm64