Last updated on 2021-11-01 00:49:48 CET.
Flavor | Version | Tinstall | Tcheck | Ttotal | Status | Flags |
---|---|---|---|---|---|---|
r-devel-linux-x86_64-debian-clang | 0.1.0 | 75.92 | 207.01 | 282.93 | OK | |
r-devel-linux-x86_64-debian-gcc | 0.1.0 | 55.04 | 151.99 | 207.03 | OK | |
r-devel-linux-x86_64-fedora-clang | 0.1.0 | 397.65 | NOTE | |||
r-devel-linux-x86_64-fedora-gcc | 0.1.0 | 343.29 | OK | |||
r-devel-windows-x86_64 | 0.1.0 | 91.00 | 205.00 | 296.00 | NOTE | |
r-devel-windows-x86_64-gcc10-UCRT | 0.1.0 | OK | ||||
r-patched-linux-x86_64 | 0.1.0 | 67.65 | 196.45 | 264.10 | OK | |
r-patched-solaris-x86 | 0.1.0 | 203.40 | NOTE | |||
r-release-linux-x86_64 | 0.1.0 | 62.49 | 194.31 | 256.80 | OK | |
r-release-macos-arm64 | 0.1.0 | NOTE | ||||
r-release-macos-x86_64 | 0.1.0 | NOTE | ||||
r-release-windows-ix86+x86_64 | 0.1.0 | 123.00 | 226.00 | 349.00 | NOTE | |
r-oldrel-macos-x86_64 | 0.1.0 | NOTE | ||||
r-oldrel-windows-ix86+x86_64 | 0.1.0 | 126.00 | 318.00 | 444.00 | NOTE |
Version: 0.1.0
Check: installed package size
Result: NOTE
installed size is 12.5Mb
sub-directories of 1Mb or more:
doc 6.3Mb
help 1.2Mb
libs 4.8Mb
Flavors: r-devel-linux-x86_64-fedora-clang, r-devel-windows-x86_64, r-patched-solaris-x86, r-release-macos-arm64, r-release-macos-x86_64, r-release-windows-ix86+x86_64, r-oldrel-macos-x86_64, r-oldrel-windows-ix86+x86_64