Last updated on 2021-11-01 00:49:48 CET.
Flavor | Version | Tinstall | Tcheck | Ttotal | Status | Flags |
---|---|---|---|---|---|---|
r-devel-linux-x86_64-debian-clang | 1.6 | 7.76 | 68.80 | 76.56 | NOTE | |
r-devel-linux-x86_64-debian-gcc | 1.6 | 6.04 | 54.65 | 60.69 | NOTE | |
r-devel-linux-x86_64-fedora-clang | 1.6 | 106.24 | NOTE | |||
r-devel-linux-x86_64-fedora-gcc | 1.6 | 89.75 | NOTE | |||
r-devel-windows-x86_64 | 1.6 | 12.00 | 82.00 | 94.00 | NOTE | |
r-devel-windows-x86_64-gcc10-UCRT | 1.6 | NOTE | ||||
r-patched-linux-x86_64 | 1.6 | 6.47 | 66.44 | 72.91 | NOTE | |
r-patched-solaris-x86 | 1.6 | 134.00 | NOTE | |||
r-release-linux-x86_64 | 1.6 | 8.19 | 65.46 | 73.65 | NOTE | |
r-release-macos-arm64 | 1.6 | NOTE | ||||
r-release-macos-x86_64 | 1.6 | NOTE | ||||
r-release-windows-ix86+x86_64 | 1.6 | 15.00 | 63.00 | 78.00 | NOTE | |
r-oldrel-macos-x86_64 | 1.6 | OK | ||||
r-oldrel-windows-ix86+x86_64 | 1.6 | 15.00 | 91.00 | 106.00 | OK |
Version: 1.6
Check: LazyData
Result: NOTE
'LazyData' is specified without a 'data' directory
Flavors: r-devel-linux-x86_64-debian-clang, r-devel-linux-x86_64-debian-gcc, r-devel-linux-x86_64-fedora-clang, r-devel-linux-x86_64-fedora-gcc, r-devel-windows-x86_64, r-devel-windows-x86_64-gcc10-UCRT, r-patched-linux-x86_64, r-patched-solaris-x86, r-release-linux-x86_64, r-release-macos-arm64, r-release-macos-x86_64, r-release-windows-ix86+x86_64