CRAN Package Check Results for Package perccal

Last updated on 2021-11-01 00:49:47 CET.

Flavor Version Tinstall Tcheck Ttotal Status Flags
r-devel-linux-x86_64-debian-clang 1.0 32.54 28.83 61.37 OK
r-devel-linux-x86_64-debian-gcc 1.0 25.10 22.49 47.59 OK
r-devel-linux-x86_64-fedora-clang 1.0 109.72 NOTE
r-devel-linux-x86_64-fedora-gcc 1.0 86.34 NOTE
r-devel-windows-x86_64 1.0 46.00 44.00 90.00 OK
r-devel-windows-x86_64-gcc10-UCRT 1.0 OK
r-patched-linux-x86_64 1.0 32.92 28.08 61.00 OK
r-patched-solaris-x86 1.0 97.40 OK
r-release-linux-x86_64 1.0 32.89 28.11 61.00 OK
r-release-macos-arm64 1.0 OK
r-release-macos-x86_64 1.0 OK
r-release-windows-ix86+x86_64 1.0 70.00 60.00 130.00 OK
r-oldrel-macos-x86_64 1.0 OK
r-oldrel-windows-ix86+x86_64 1.0 68.00 73.00 141.00 OK

Check Details

Version: 1.0
Check: compiled code
Result: NOTE
    File ‘perccal/libs/perccal.so’:
     Found no calls to: ‘R_registerRoutines’, ‘R_useDynamicSymbols’
    
    It is good practice to register native routines and to disable symbol
    search.
    
    See ‘Writing portable packages’ in the ‘Writing R Extensions’ manual.
Flavors: r-devel-linux-x86_64-fedora-clang, r-devel-linux-x86_64-fedora-gcc