Last updated on 2021-11-01 00:49:47 CET.
Flavor | Version | Tinstall | Tcheck | Ttotal | Status | Flags |
---|---|---|---|---|---|---|
r-devel-linux-x86_64-debian-clang | 4.3.3 | 88.19 | 54.93 | 143.12 | NOTE | |
r-devel-linux-x86_64-debian-gcc | 4.3.3 | 62.59 | 41.36 | 103.95 | NOTE | |
r-devel-linux-x86_64-fedora-clang | 4.3.3 | 242.99 | NOTE | |||
r-devel-linux-x86_64-fedora-gcc | 4.3.3 | 185.16 | NOTE | |||
r-devel-windows-x86_64 | 4.3.3 | 145.00 | 68.00 | 213.00 | NOTE | |
r-devel-windows-x86_64-gcc10-UCRT | 4.3.3 | NOTE | ||||
r-patched-linux-x86_64 | 4.3.3 | 78.28 | 51.08 | 129.36 | NOTE | |
r-patched-solaris-x86 | 4.3.3 | 185.70 | NOTE | |||
r-release-linux-x86_64 | 4.3.3 | 80.72 | 50.48 | 131.20 | NOTE | |
r-release-macos-arm64 | 4.3.3 | NOTE | ||||
r-release-macos-x86_64 | 4.3.3 | NOTE | ||||
r-release-windows-ix86+x86_64 | 4.3.3 | 188.00 | 79.00 | 267.00 | NOTE | |
r-oldrel-macos-x86_64 | 4.3.3 | NOTE | ||||
r-oldrel-windows-ix86+x86_64 | 4.3.3 | 197.00 | 102.00 | 299.00 | NOTE |
Version: 4.3.3
Check: LazyData
Result: NOTE
'LazyData' is specified without a 'data' directory
Flavors: r-devel-linux-x86_64-debian-clang, r-devel-linux-x86_64-debian-gcc, r-devel-linux-x86_64-fedora-clang, r-devel-linux-x86_64-fedora-gcc, r-devel-windows-x86_64, r-devel-windows-x86_64-gcc10-UCRT, r-patched-linux-x86_64, r-patched-solaris-x86, r-release-linux-x86_64, r-release-macos-arm64, r-release-macos-x86_64, r-release-windows-ix86+x86_64
Version: 4.3.3
Check: installed package size
Result: NOTE
installed size is 6.2Mb
sub-directories of 1Mb or more:
extdata 2.7Mb
libs 2.7Mb
Flavors: r-devel-linux-x86_64-fedora-clang, r-release-macos-arm64, r-release-macos-x86_64, r-release-windows-ix86+x86_64, r-oldrel-macos-x86_64, r-oldrel-windows-ix86+x86_64
Version: 4.3.3
Check: package dependencies
Result: NOTE
Package suggested but not available for checking: ‘vcfR’
Flavor: r-oldrel-macos-x86_64