Last updated on 2021-11-01 00:49:47 CET.
Flavor | Version | Tinstall | Tcheck | Ttotal | Status | Flags |
---|---|---|---|---|---|---|
r-devel-linux-x86_64-debian-clang | 1.5-3 | 20.65 | 82.64 | 103.29 | OK | |
r-devel-linux-x86_64-debian-gcc | 1.5-3 | 14.59 | 64.24 | 78.83 | OK | |
r-devel-linux-x86_64-fedora-clang | 1.5-3 | 143.91 | NOTE | |||
r-devel-linux-x86_64-fedora-gcc | 1.5-3 | 125.24 | NOTE | |||
r-devel-windows-x86_64 | 1.5-3 | 30.00 | 78.00 | 108.00 | OK | |
r-devel-windows-x86_64-gcc10-UCRT | 1.5-3 | OK | ||||
r-patched-linux-x86_64 | 1.5-3 | 17.28 | 82.19 | 99.47 | OK | |
r-patched-solaris-x86 | 1.5-3 | 151.80 | NOTE | |||
r-release-linux-x86_64 | 1.5-3 | 15.38 | 81.75 | 97.13 | OK | |
r-release-macos-arm64 | 1.5-3 | NOTE | ||||
r-release-macos-x86_64 | 1.5-3 | OK | ||||
r-release-windows-ix86+x86_64 | 1.5-3 | 23.00 | 88.00 | 111.00 | OK | |
r-oldrel-macos-x86_64 | 1.5-3 | NOTE | ||||
r-oldrel-windows-ix86+x86_64 | 1.5-3 | 26.00 | 114.00 | 140.00 | OK |
Version: 1.5-3
Check: compiled code
Result: NOTE
File ‘parma/libs/parma.so’:
Found no calls to: ‘R_registerRoutines’, ‘R_useDynamicSymbols’
It is good practice to register native routines and to disable symbol
search.
See ‘Writing portable packages’ in the ‘Writing R Extensions’ manual.
Flavors: r-devel-linux-x86_64-fedora-clang, r-devel-linux-x86_64-fedora-gcc
Version: 1.5-3
Check: package dependencies
Result: NOTE
Package suggested but not available for checking: ‘Rsymphony’
Flavors: r-patched-solaris-x86, r-release-macos-arm64, r-oldrel-macos-x86_64