CRAN Package Check Results for Package parglm

Last updated on 2021-11-01 00:49:47 CET.

Flavor Version Tinstall Tcheck Ttotal Status Flags
r-devel-linux-x86_64-debian-clang 0.1.7 89.66 73.46 163.12 OK
r-devel-linux-x86_64-debian-gcc 0.1.7 65.89 57.74 123.63 OK
r-devel-linux-x86_64-fedora-clang 0.1.7 249.55 OK
r-devel-linux-x86_64-fedora-gcc 0.1.7 215.61 OK
r-devel-windows-x86_64 0.1.7 117.00 83.00 200.00 OK
r-devel-windows-x86_64-gcc10-UCRT 0.1.7 OK
r-patched-linux-x86_64 0.1.7 76.96 72.06 149.02 OK
r-patched-solaris-x86 0.1.7 226.80 OK
r-release-linux-x86_64 0.1.7 76.94 69.97 146.91 OK
r-release-macos-arm64 0.1.7 NOTE
r-release-macos-x86_64 0.1.7 OK
r-release-windows-ix86+x86_64 0.1.7 166.00 105.00 271.00 OK
r-oldrel-macos-x86_64 0.1.7 OK
r-oldrel-windows-ix86+x86_64 0.1.7 164.00 145.00 309.00 OK

Check Details

Version: 0.1.7
Check: installed package size
Result: NOTE
     installed size is 5.5Mb
     sub-directories of 1Mb or more:
     libs 4.7Mb
Flavor: r-release-macos-arm64