Last updated on 2021-11-01 00:49:47 CET.
Flavor | Version | Tinstall | Tcheck | Ttotal | Status | Flags |
---|---|---|---|---|---|---|
r-devel-linux-x86_64-debian-clang | 0.4.0 | 124.13 | 157.70 | 281.83 | OK | |
r-devel-linux-x86_64-debian-gcc | 0.4.0 | 97.32 | 108.13 | 205.45 | OK | |
r-devel-linux-x86_64-fedora-clang | 0.4.0 | 432.97 | NOTE | |||
r-devel-linux-x86_64-fedora-gcc | 0.4.0 | 369.68 | OK | |||
r-devel-windows-x86_64 | 0.4.0 | 167.00 | 174.00 | 341.00 | OK | |
r-devel-windows-x86_64-gcc10-UCRT | 0.4.0 | OK | ||||
r-patched-linux-x86_64 | 0.4.0 | 122.67 | 152.48 | 275.15 | OK | |
r-patched-solaris-x86 | 0.4.0 | 420.80 | OK | |||
r-release-linux-x86_64 | 0.4.0 | 112.60 | 148.87 | 261.47 | OK | |
r-release-macos-arm64 | 0.4.0 | NOTE | ||||
r-release-macos-x86_64 | 0.4.0 | NOTE | ||||
r-release-windows-ix86+x86_64 | 0.4.0 | 236.00 | 295.00 | 531.00 | OK | |
r-oldrel-macos-x86_64 | 0.4.0 | NOTE | ||||
r-oldrel-windows-ix86+x86_64 | 0.4.0 | 230.00 | 349.00 | 579.00 | OK |
Version: 0.4.0
Check: installed package size
Result: NOTE
installed size is 5.8Mb
sub-directories of 1Mb or more:
libs 5.5Mb
Flavors: r-devel-linux-x86_64-fedora-clang, r-release-macos-arm64, r-release-macos-x86_64, r-oldrel-macos-x86_64