CRAN Package Check Results for Package packager

Last updated on 2021-11-01 00:49:47 CET.

Flavor Version Tinstall Tcheck Ttotal Status Flags
r-devel-linux-x86_64-debian-clang 1.13.0 5.35 261.33 266.68 OK
r-devel-linux-x86_64-debian-gcc 1.13.0 4.59 200.91 205.50 OK
r-devel-linux-x86_64-fedora-clang 1.13.0 350.15 NOTE
r-devel-linux-x86_64-fedora-gcc 1.13.0 327.71 NOTE
r-devel-windows-x86_64 1.13.0 9.00 383.00 392.00 OK
r-devel-windows-x86_64-gcc10-UCRT 1.13.0 WARN
r-patched-linux-x86_64 1.13.0 7.01 210.79 217.80 OK
r-patched-solaris-x86 1.13.0 392.40 OK
r-release-linux-x86_64 1.13.0 5.34 210.08 215.42 OK
r-release-macos-arm64 1.13.0 OK
r-release-macos-x86_64 1.13.0 OK
r-release-windows-ix86+x86_64 1.13.0 8.00 273.00 281.00 OK
r-oldrel-macos-x86_64 1.13.0 OK
r-oldrel-windows-ix86+x86_64 1.13.0 8.00 473.00 481.00 OK

Check Details

Version: 1.13.0
Check: for non-standard things in the check directory
Result: NOTE
    Found the following files/directories:
     ‘veryImportantPackage’
Flavors: r-devel-linux-x86_64-fedora-clang, r-devel-linux-x86_64-fedora-gcc

Version: 1.13.0
Check: dependencies in R code
Result: NOTE
    No Instance(s) Available.
Flavor: r-devel-windows-x86_64-gcc10-UCRT

Version: 1.13.0
Check: S3 generic/method consistency
Result: WARN
    No Instance(s) Available.
    
    
    See section 'Generic functions and methods' in the 'Writing R
    Extensions' manual.
Flavor: r-devel-windows-x86_64-gcc10-UCRT

Version: 1.13.0
Check: replacement functions
Result: WARN
    No Instance(s) Available.
    
    
    The argument of a replacement function which corresponds to the right
    hand side must be named 'value'.
Flavor: r-devel-windows-x86_64-gcc10-UCRT

Version: 1.13.0
Check: foreign function calls
Result: NOTE
    No Instance(s) Available.
    
    
    See chapter 'System and foreign language interfaces' in the 'Writing R
    Extensions' manual.
Flavor: r-devel-windows-x86_64-gcc10-UCRT

Version: 1.13.0
Check: R code for possible problems
Result: NOTE
    No Instance(s) Available.
Flavor: r-devel-windows-x86_64-gcc10-UCRT

Version: 1.13.0
Check: for missing documentation entries
Result: WARN
    No Instance(s) Available.
    
    
    All user-level objects in a package should have documentation entries.
    See chapter 'Writing R documentation files' in the 'Writing R
    Extensions' manual.
Flavor: r-devel-windows-x86_64-gcc10-UCRT

Version: 1.13.0
Check: for code/documentation mismatches
Result: WARN
    No Instance(s) Available.
    
    
    No Instance(s) Available.
    
    
    No Instance(s) Available.
Flavor: r-devel-windows-x86_64-gcc10-UCRT

Version: 1.13.0
Check: Rd \usage sections
Result: NOTE
    No Instance(s) Available.
    
    
    The \usage entries for S3 methods should use the \method markup and not
    their full name.
    See chapter 'Writing R documentation files' in the 'Writing R
    Extensions' manual.
Flavor: r-devel-windows-x86_64-gcc10-UCRT