CRAN Package Check Results for Package outliertree

Last updated on 2021-11-01 00:49:47 CET.

Flavor Version Tinstall Tcheck Ttotal Status Flags
r-devel-linux-x86_64-debian-clang 1.7.6 96.74 39.80 136.54 OK
r-devel-linux-x86_64-debian-gcc 1.7.6-1 66.05 30.05 96.10 OK
r-devel-linux-x86_64-fedora-clang 1.7.6-1 235.47 NOTE
r-devel-linux-x86_64-fedora-gcc 1.7.6-1 180.40 OK
r-devel-windows-x86_64 1.7.6-1 95.00 57.00 152.00 OK
r-devel-windows-x86_64-gcc10-UCRT 1.7.6 OK
r-patched-linux-x86_64 1.7.6 77.56 37.63 115.19 OK
r-patched-solaris-x86 1.7.6-1 168.10 OK
r-release-linux-x86_64 1.7.6-1 80.39 37.07 117.46 OK
r-release-macos-arm64 1.7.6-1 NOTE
r-release-macos-x86_64 1.7.6-1 NOTE
r-release-windows-ix86+x86_64 1.7.6 171.00 67.00 238.00 OK
r-oldrel-macos-x86_64 1.7.6-1 NOTE
r-oldrel-windows-ix86+x86_64 1.7.6-1 146.00 78.00 224.00 OK

Check Details

Version: 1.7.6-1
Check: installed package size
Result: NOTE
     installed size is 5.3Mb
     sub-directories of 1Mb or more:
     libs 5.0Mb
Flavors: r-devel-linux-x86_64-fedora-clang, r-release-macos-arm64, r-release-macos-x86_64, r-oldrel-macos-x86_64