CRAN Package Check Results for Package outForest

Last updated on 2021-11-01 00:49:47 CET.

Flavor Version Tinstall Tcheck Ttotal Status Flags
r-devel-linux-x86_64-debian-clang 0.1.1 6.46 69.39 75.85 NOTE
r-devel-linux-x86_64-debian-gcc 0.1.1 6.41 54.49 60.90 NOTE
r-devel-linux-x86_64-fedora-clang 0.1.1 108.15 NOTE
r-devel-linux-x86_64-fedora-gcc 0.1.1 96.61 NOTE
r-devel-windows-x86_64 0.1.1 12.00 73.00 85.00 NOTE
r-devel-windows-x86_64-gcc10-UCRT 0.1.1 NOTE
r-patched-linux-x86_64 0.1.1 7.70 67.85 75.55 NOTE
r-patched-solaris-x86 0.1.1 144.40 NOTE
r-release-linux-x86_64 0.1.1 6.88 67.10 73.98 NOTE
r-release-macos-arm64 0.1.1 NOTE
r-release-macos-x86_64 0.1.1 NOTE
r-release-windows-ix86+x86_64 0.1.1 13.00 72.00 85.00 NOTE
r-oldrel-macos-x86_64 0.1.1 OK
r-oldrel-windows-ix86+x86_64 0.1.1 13.00 90.00 103.00 OK

Check Details

Version: 0.1.1
Check: LazyData
Result: NOTE
     'LazyData' is specified without a 'data' directory
Flavors: r-devel-linux-x86_64-debian-clang, r-devel-linux-x86_64-debian-gcc, r-devel-linux-x86_64-fedora-clang, r-devel-linux-x86_64-fedora-gcc, r-devel-windows-x86_64, r-devel-windows-x86_64-gcc10-UCRT, r-patched-linux-x86_64, r-patched-solaris-x86, r-release-linux-x86_64, r-release-macos-arm64, r-release-macos-x86_64, r-release-windows-ix86+x86_64