CRAN Package Check Results for Package ordinalClust

Last updated on 2021-11-01 00:49:47 CET.

Flavor Version Tinstall Tcheck Ttotal Status Flags
r-devel-linux-x86_64-debian-clang 1.3.5 176.16 61.31 237.47 OK
r-devel-linux-x86_64-debian-gcc 1.3.5 134.98 50.01 184.99 OK
r-devel-linux-x86_64-fedora-clang 1.3.5 401.28 NOTE
r-devel-linux-x86_64-fedora-gcc 1.3.5 338.22 OK
r-devel-windows-x86_64 1.3.5 228.00 89.00 317.00 OK
r-devel-windows-x86_64-gcc10-UCRT 1.3.5 OK
r-patched-linux-x86_64 1.3.5 158.51 60.25 218.76 OK
r-patched-solaris-x86 1.3.5 247.70 OK
r-release-linux-x86_64 1.3.5 155.71 60.94 216.65 OK
r-release-macos-arm64 1.3.5 NOTE
r-release-macos-x86_64 1.3.5 NOTE
r-release-windows-ix86+x86_64 1.3.5 335.00 98.00 433.00 OK
r-oldrel-macos-x86_64 1.3.5 NOTE
r-oldrel-windows-ix86+x86_64 1.3.5 320.00 121.00 441.00 OK

Check Details

Version: 1.3.5
Check: installed package size
Result: NOTE
     installed size is 8.6Mb
     sub-directories of 1Mb or more:
     libs 8.3Mb
Flavors: r-devel-linux-x86_64-fedora-clang, r-release-macos-arm64, r-release-macos-x86_64, r-oldrel-macos-x86_64