CRAN Package Check Results for Package optweight

Last updated on 2021-11-01 00:49:47 CET.

Flavor Version Tinstall Tcheck Ttotal Status Flags
r-devel-linux-x86_64-debian-clang 0.2.5 13.33 95.99 109.32 NOTE
r-devel-linux-x86_64-debian-gcc 0.2.5 10.21 71.78 81.99 NOTE
r-devel-linux-x86_64-fedora-clang 0.2.5 151.54 NOTE
r-devel-linux-x86_64-fedora-gcc 0.2.5 134.36 NOTE
r-devel-windows-x86_64 0.2.5 19.00 87.00 106.00 NOTE
r-devel-windows-x86_64-gcc10-UCRT 0.2.5 NOTE
r-patched-linux-x86_64 0.2.5 11.02 92.02 103.04 NOTE
r-patched-solaris-x86 0.2.5 176.30 NOTE
r-release-linux-x86_64 0.2.5 10.93 90.38 101.31 NOTE
r-release-macos-arm64 0.2.5 NOTE
r-release-macos-x86_64 0.2.5 NOTE
r-release-windows-ix86+x86_64 0.2.5 21.00 79.00 100.00 NOTE
r-oldrel-macos-x86_64 0.2.5 OK
r-oldrel-windows-ix86+x86_64 0.2.5 19.00 111.00 130.00 OK

Check Details

Version: 0.2.5
Check: LazyData
Result: NOTE
     'LazyData' is specified without a 'data' directory
Flavors: r-devel-linux-x86_64-debian-clang, r-devel-linux-x86_64-debian-gcc, r-devel-linux-x86_64-fedora-clang, r-devel-linux-x86_64-fedora-gcc, r-devel-windows-x86_64, r-devel-windows-x86_64-gcc10-UCRT, r-patched-linux-x86_64, r-patched-solaris-x86, r-release-linux-x86_64, r-release-macos-arm64, r-release-macos-x86_64, r-release-windows-ix86+x86_64