CRAN Package Check Results for Package ontologySimilarity

Last updated on 2021-11-01 00:49:47 CET.

Flavor Version Tinstall Tcheck Ttotal Status Flags
r-devel-linux-x86_64-debian-clang 2.5 50.68 146.15 196.83 OK
r-devel-linux-x86_64-debian-gcc 2.5 34.26 123.26 157.52 OK
r-devel-linux-x86_64-fedora-clang 2.5 292.65 OK
r-devel-linux-x86_64-fedora-gcc 2.5 246.96 OK
r-devel-windows-x86_64 2.5 69.00 161.00 230.00 OK
r-devel-windows-x86_64-gcc10-UCRT 2.5 OK
r-patched-linux-x86_64 2.5 42.22 141.61 183.83 OK
r-patched-solaris-x86 2.5 124.20 OK
r-release-linux-x86_64 2.5 41.23 145.00 186.23 OK
r-release-macos-arm64 2.5 OK
r-release-macos-x86_64 2.5 NOTE
r-release-windows-ix86+x86_64 2.5 108.00 163.00 271.00 OK
r-oldrel-macos-x86_64 2.5 OK
r-oldrel-windows-ix86+x86_64 2.5 106.00 201.00 307.00 OK

Check Details

Version: 2.5
Check: package dependencies
Result: NOTE
    Package suggested but not available for checking: ‘paintmap’
Flavor: r-release-macos-x86_64