Last updated on 2021-11-01 00:49:46 CET.
Flavor | Version | Tinstall | Tcheck | Ttotal | Status | Flags |
---|---|---|---|---|---|---|
r-devel-linux-x86_64-debian-clang | 1.3.2 | 75.12 | 49.48 | 124.60 | OK | |
r-devel-linux-x86_64-debian-gcc | 1.3.2 | 61.82 | 39.00 | 100.82 | OK | |
r-devel-linux-x86_64-fedora-clang | 1.3.2 | 214.52 | NOTE | |||
r-devel-linux-x86_64-fedora-gcc | 1.3.2 | 185.45 | OK | |||
r-devel-windows-x86_64 | 1.3.2 | 117.00 | 67.00 | 184.00 | OK | |
r-devel-windows-x86_64-gcc10-UCRT | 1.3.2 | OK | ||||
r-patched-linux-x86_64 | 1.3.2 | 79.92 | 48.17 | 128.09 | OK | |
r-patched-solaris-x86 | 1.3.2 | 174.20 | OK | |||
r-release-linux-x86_64 | 1.3.2 | 74.53 | 48.42 | 122.95 | OK | |
r-release-macos-arm64 | 1.3.2 | NOTE | ||||
r-release-macos-x86_64 | 1.3.2 | NOTE | ||||
r-release-windows-ix86+x86_64 | 1.3.2 | 161.00 | 84.00 | 245.00 | OK | |
r-oldrel-macos-x86_64 | 1.3.2 | NOTE | ||||
r-oldrel-windows-ix86+x86_64 | 1.3.2 | 167.00 | 92.00 | 259.00 | OK |
Version: 1.3.2
Check: installed package size
Result: NOTE
installed size is 6.0Mb
sub-directories of 1Mb or more:
libs 5.5Mb
Flavors: r-devel-linux-x86_64-fedora-clang, r-release-macos-arm64, r-release-macos-x86_64, r-oldrel-macos-x86_64