CRAN Package Check Results for Package obliqueRSF

Last updated on 2021-11-01 00:49:46 CET.

Flavor Version Tinstall Tcheck Ttotal Status Flags
r-devel-linux-x86_64-debian-clang 0.1.1 48.40 103.50 151.90 NOTE
r-devel-linux-x86_64-debian-gcc 0.1.1 39.23 78.36 117.59 NOTE
r-devel-linux-x86_64-fedora-clang 0.1.1 222.90 NOTE
r-devel-linux-x86_64-fedora-gcc 0.1.1 189.28 NOTE
r-devel-windows-x86_64 0.1.1 65.00 105.00 170.00 NOTE
r-devel-windows-x86_64-gcc10-UCRT 0.1.1 NOTE
r-patched-linux-x86_64 0.1.1 47.31 97.52 144.83 NOTE
r-patched-solaris-x86 0.1.1 239.10 NOTE
r-release-linux-x86_64 0.1.1 42.44 96.45 138.89 NOTE
r-release-macos-arm64 0.1.1 NOTE
r-release-macos-x86_64 0.1.1 NOTE
r-release-windows-ix86+x86_64 0.1.1 85.00 139.00 224.00 NOTE
r-oldrel-macos-x86_64 0.1.1 OK
r-oldrel-windows-ix86+x86_64 0.1.1 87.00 158.00 245.00 OK

Check Details

Version: 0.1.1
Check: LazyData
Result: NOTE
     'LazyData' is specified without a 'data' directory
Flavors: r-devel-linux-x86_64-debian-clang, r-devel-linux-x86_64-debian-gcc, r-devel-linux-x86_64-fedora-clang, r-devel-linux-x86_64-fedora-gcc, r-devel-windows-x86_64, r-devel-windows-x86_64-gcc10-UCRT, r-patched-linux-x86_64, r-patched-solaris-x86, r-release-linux-x86_64, r-release-macos-arm64, r-release-macos-x86_64, r-release-windows-ix86+x86_64