CRAN Package Check Results for Package npsf

Last updated on 2021-11-01 00:49:46 CET.

Flavor Version Tinstall Tcheck Ttotal Status Flags
r-devel-linux-x86_64-debian-clang 0.8.0 30.48 78.82 109.30 OK
r-devel-linux-x86_64-debian-gcc 0.8.0 22.04 58.75 80.79 OK
r-devel-linux-x86_64-fedora-clang 0.8.0 151.98 OK
r-devel-linux-x86_64-fedora-gcc 0.8.0 142.42 OK
r-devel-windows-x86_64 0.8.0 48.00 74.00 122.00 OK
r-devel-windows-x86_64-gcc10-UCRT 0.8.0 OK
r-patched-linux-x86_64 0.8.0 26.43 76.66 103.09 OK
r-patched-solaris-x86 0.8.0 146.60 OK
r-release-linux-x86_64 0.8.0 25.11 76.22 101.33 OK
r-release-macos-arm64 0.8.0 NOTE
r-release-macos-x86_64 0.8.0 NOTE
r-release-windows-ix86+x86_64 0.8.0 51.00 82.00 133.00 OK
r-oldrel-macos-x86_64 0.8.0 NOTE
r-oldrel-windows-ix86+x86_64 0.8.0 50.00 114.00 164.00 OK

Check Details

Version: 0.8.0
Check: package dependencies
Result: NOTE
    Package suggested but not available for checking: ‘Rmpi’
Flavors: r-release-macos-arm64, r-release-macos-x86_64, r-oldrel-macos-x86_64