Last updated on 2021-11-01 00:49:46 CET.
Flavor | Version | Tinstall | Tcheck | Ttotal | Status | Flags |
---|---|---|---|---|---|---|
r-devel-linux-x86_64-debian-clang | 1.2.0.0 | 2.77 | 31.15 | 33.92 | NOTE | |
r-devel-linux-x86_64-debian-gcc | 1.2.0.0 | 2.29 | 26.59 | 28.88 | NOTE | |
r-devel-linux-x86_64-fedora-clang | 1.2.0.0 | 54.49 | NOTE | |||
r-devel-linux-x86_64-fedora-gcc | 1.2.0.0 | 40.30 | NOTE | |||
r-devel-windows-x86_64 | 1.2.0.0 | 6.00 | 42.00 | 48.00 | NOTE | |
r-devel-windows-x86_64-gcc10-UCRT | 1.2.0.0 | NOTE | ||||
r-patched-linux-x86_64 | 1.2.0.0 | 2.50 | 30.37 | 32.87 | NOTE | |
r-patched-solaris-x86 | 1.2.0.0 | 63.10 | NOTE | |||
r-release-linux-x86_64 | 1.2.0.0 | 2.54 | 32.14 | 34.68 | NOTE | |
r-release-macos-arm64 | 1.2.0.0 | NOTE | ||||
r-release-macos-x86_64 | 1.2.0.0 | NOTE | ||||
r-release-windows-ix86+x86_64 | 1.2.0.0 | 6.00 | 38.00 | 44.00 | NOTE | |
r-oldrel-macos-x86_64 | 1.2.0.0 | OK | ||||
r-oldrel-windows-ix86+x86_64 | 1.2.0.0 | 6.00 | 51.00 | 57.00 | OK |
Version: 1.2.0.0
Check: LazyData
Result: NOTE
'LazyData' is specified without a 'data' directory
Flavors: r-devel-linux-x86_64-debian-clang, r-devel-linux-x86_64-debian-gcc, r-devel-linux-x86_64-fedora-clang, r-devel-linux-x86_64-fedora-gcc, r-devel-windows-x86_64, r-devel-windows-x86_64-gcc10-UCRT, r-patched-linux-x86_64, r-patched-solaris-x86, r-release-linux-x86_64, r-release-macos-arm64, r-release-macos-x86_64, r-release-windows-ix86+x86_64