CRAN Package Check Results for Package nimble

Last updated on 2021-11-01 00:49:46 CET.

Flavor Version Tinstall Tcheck Ttotal Status Flags
r-devel-linux-x86_64-debian-clang 0.12.1 273.81 244.84 518.65 OK
r-devel-linux-x86_64-debian-gcc 0.12.1 193.93 183.38 377.31 OK
r-devel-linux-x86_64-fedora-clang 0.12.1 671.78 NOTE
r-devel-linux-x86_64-fedora-gcc 0.12.1 627.60 OK
r-devel-windows-x86_64 0.12.1 348.00 193.00 541.00 NOTE
r-devel-windows-x86_64-gcc10-UCRT 0.12.1 OK
r-patched-linux-x86_64 0.12.1 239.20 237.62 476.82 OK
r-patched-solaris-x86 0.12.1 935.50 NOTE
r-release-linux-x86_64 0.12.1 235.18 240.97 476.15 OK
r-release-macos-arm64 0.12.1 NOTE
r-release-macos-x86_64 0.12.1 NOTE
r-release-windows-ix86+x86_64 0.12.1 336.00 228.00 564.00 NOTE
r-oldrel-macos-x86_64 0.12.1 NOTE
r-oldrel-windows-ix86+x86_64 0.12.1 331.00 300.00 631.00 NOTE

Check Details

Version: 0.12.1
Check: installed package size
Result: NOTE
     installed size is 30.8Mb
     sub-directories of 1Mb or more:
     CppCode 1.2Mb
     R 6.2Mb
     classic-bugs 1.6Mb
     include 5.9Mb
     libs 15.3Mb
Flavors: r-devel-linux-x86_64-fedora-clang, r-devel-windows-x86_64, r-patched-solaris-x86, r-release-macos-arm64, r-release-macos-x86_64, r-release-windows-ix86+x86_64, r-oldrel-macos-x86_64, r-oldrel-windows-ix86+x86_64