CRAN Package Check Results for Package netchain

Last updated on 2021-11-01 00:49:46 CET.

Flavor Version Tinstall Tcheck Ttotal Status Flags
r-devel-linux-x86_64-debian-clang 0.2.0 17.50 111.66 129.16 OK
r-devel-linux-x86_64-debian-gcc 0.2.0 14.19 81.35 95.54 OK
r-devel-linux-x86_64-fedora-clang 0.2.0 175.04 NOTE
r-devel-linux-x86_64-fedora-gcc 0.2.0 169.34 NOTE
r-devel-windows-x86_64 0.2.0 27.00 109.00 136.00 OK
r-devel-windows-x86_64-gcc10-UCRT 0.2.0 NOTE
r-patched-linux-x86_64 0.2.0 16.35 103.59 119.94 OK
r-patched-solaris-x86 0.2.0 192.50 NOTE
r-release-linux-x86_64 0.2.0 18.15 108.41 126.56 OK
r-release-macos-arm64 0.2.0 NOTE
r-release-macos-x86_64 0.2.0 NOTE
r-release-windows-ix86+x86_64 0.2.0 34.00 185.00 219.00 OK
r-oldrel-macos-x86_64 0.2.0 NOTE
r-oldrel-windows-ix86+x86_64 0.2.0 35.00 247.00 282.00 OK

Check Details

Version: 0.2.0
Check: dependencies in R code
Result: NOTE
    Namespaces in Imports field not imported from:
     ‘Matrix’ ‘igraph’
     All declared Imports should be used.
Flavors: r-devel-linux-x86_64-fedora-clang, r-devel-linux-x86_64-fedora-gcc, r-devel-windows-x86_64-gcc10-UCRT, r-patched-solaris-x86, r-release-macos-arm64, r-release-macos-x86_64, r-oldrel-macos-x86_64