CRAN Package Check Results for Package netCoin

Last updated on 2021-11-01 00:49:46 CET.

Flavor Version Tinstall Tcheck Ttotal Status Flags
r-devel-linux-x86_64-debian-clang 2.0.20 13.99 97.53 111.52 OK
r-devel-linux-x86_64-debian-gcc 2.0.20 9.69 73.91 83.60 OK
r-devel-linux-x86_64-fedora-clang 2.0.20 143.42 NOTE
r-devel-linux-x86_64-fedora-gcc 2.0.20 133.28 NOTE
r-devel-windows-x86_64 2.0.20 20.00 101.00 121.00 OK
r-devel-windows-x86_64-gcc10-UCRT 1.2.21 OK
r-patched-linux-x86_64 1.2.21 14.27 101.99 116.26 OK
r-patched-solaris-x86 2.0.20 180.90 NOTE
r-release-linux-x86_64 2.0.20 11.48 96.34 107.82 OK
r-release-macos-arm64 2.0.20 NOTE
r-release-macos-x86_64 2.0.20 NOTE
r-release-windows-ix86+x86_64 1.2.21 19.00 110.00 129.00 OK
r-oldrel-macos-x86_64 2.0.20 NOTE
r-oldrel-windows-ix86+x86_64 2.0.20 19.00 115.00 134.00 OK

Check Details

Version: 2.0.20
Check: data for non-ASCII characters
Result: NOTE
     Note: found 21 marked UTF-8 strings
Flavors: r-devel-linux-x86_64-fedora-clang, r-devel-linux-x86_64-fedora-gcc, r-patched-solaris-x86, r-release-macos-arm64, r-release-macos-x86_64, r-oldrel-macos-x86_64