CRAN Package Check Results for Package neatmaps

Last updated on 2021-11-01 00:49:46 CET.

Flavor Version Tinstall Tcheck Ttotal Status Flags
r-devel-linux-x86_64-debian-clang 2.1.0 8.34 89.86 98.20 OK
r-devel-linux-x86_64-debian-gcc 2.1.0 6.77 66.99 73.76 OK
r-devel-linux-x86_64-fedora-clang 2.1.0 128.00 NOTE
r-devel-linux-x86_64-fedora-gcc 2.1.0 116.98 OK
r-devel-windows-x86_64 2.1.0 14.00 90.00 104.00 NOTE
r-devel-windows-x86_64-gcc10-UCRT 2.1.0 OK
r-patched-linux-x86_64 2.1.0 8.48 83.86 92.34 OK
r-patched-solaris-x86 2.1.0 162.50 NOTE
r-release-linux-x86_64 2.1.0 8.55 83.62 92.17 OK
r-release-macos-arm64 2.1.0 NOTE
r-release-macos-x86_64 2.1.0 ERROR
r-release-windows-ix86+x86_64 2.1.0 16.00 88.00 104.00 NOTE
r-oldrel-macos-x86_64 2.1.0 ERROR
r-oldrel-windows-ix86+x86_64 2.1.0 17.00 112.00 129.00 NOTE

Check Details

Version: 2.1.0
Check: installed package size
Result: NOTE
     installed size is 6.3Mb
Flavors: r-devel-linux-x86_64-fedora-clang, r-devel-windows-x86_64, r-patched-solaris-x86, r-release-macos-arm64, r-release-windows-ix86+x86_64, r-oldrel-windows-ix86+x86_64

Version: 2.1.0
Check: package dependencies
Result: ERROR
    Package required but not available: ‘ConsensusClusterPlus’
    
    See section ‘The DESCRIPTION file’ in the ‘Writing R Extensions’
    manual.
Flavors: r-release-macos-x86_64, r-oldrel-macos-x86_64