Last updated on 2021-11-01 00:49:46 CET.
Flavor | Version | Tinstall | Tcheck | Ttotal | Status | Flags |
---|---|---|---|---|---|---|
r-devel-linux-x86_64-debian-clang | 0.1.5 | 2.20 | 30.45 | 32.65 | NOTE | |
r-devel-linux-x86_64-debian-gcc | 0.1.5 | 1.73 | 23.40 | 25.13 | NOTE | |
r-devel-linux-x86_64-fedora-clang | 0.1.5 | 50.58 | NOTE | |||
r-devel-linux-x86_64-fedora-gcc | 0.1.5 | 39.24 | NOTE | |||
r-devel-windows-x86_64 | 0.1.5 | 4.00 | 45.00 | 49.00 | NOTE | |
r-devel-windows-x86_64-gcc10-UCRT | 0.1.5 | NOTE | ||||
r-patched-linux-x86_64 | 0.1.5 | 2.23 | 28.57 | 30.80 | NOTE | |
r-patched-solaris-x86 | 0.1.5 | 55.40 | NOTE | |||
r-release-linux-x86_64 | 0.1.5 | 2.20 | 28.28 | 30.48 | NOTE | |
r-release-macos-arm64 | 0.1.5 | NOTE | ||||
r-release-macos-x86_64 | 0.1.5 | NOTE | ||||
r-release-windows-ix86+x86_64 | 0.1.5 | 4.00 | 40.00 | 44.00 | NOTE | |
r-oldrel-macos-x86_64 | 0.1.5 | OK | ||||
r-oldrel-windows-ix86+x86_64 | 0.1.5 | 4.00 | 49.00 | 53.00 | OK |
Version: 0.1.5
Check: LazyData
Result: NOTE
'LazyData' is specified without a 'data' directory
Flavors: r-devel-linux-x86_64-debian-clang, r-devel-linux-x86_64-debian-gcc, r-devel-linux-x86_64-fedora-clang, r-devel-linux-x86_64-fedora-gcc, r-devel-windows-x86_64, r-devel-windows-x86_64-gcc10-UCRT, r-patched-linux-x86_64, r-patched-solaris-x86, r-release-linux-x86_64, r-release-macos-arm64, r-release-macos-x86_64, r-release-windows-ix86+x86_64