Last updated on 2021-11-01 00:49:46 CET.
Flavor | Version | Tinstall | Tcheck | Ttotal | Status | Flags |
---|---|---|---|---|---|---|
r-devel-linux-x86_64-debian-clang | 2.17.1 | 22.12 | 80.82 | 102.94 | NOTE | |
r-devel-linux-x86_64-debian-gcc | 2.17.1 | 16.93 | 61.50 | 78.43 | NOTE | |
r-devel-linux-x86_64-fedora-clang | 2.17.1 | 150.88 | NOTE | |||
r-devel-linux-x86_64-fedora-gcc | 2.17.1 | 127.36 | NOTE | |||
r-devel-windows-x86_64 | 2.17.1 | 39.00 | 87.00 | 126.00 | NOTE | |
r-devel-windows-x86_64-gcc10-UCRT | 2.17.1 | NOTE | ||||
r-patched-linux-x86_64 | 2.17.1 | 21.48 | 77.76 | 99.24 | NOTE | |
r-patched-solaris-x86 | 2.17.1 | 179.10 | NOTE | |||
r-release-linux-x86_64 | 2.17.1 | 19.32 | 78.50 | 97.82 | NOTE | |
r-release-macos-arm64 | 2.17.1 | NOTE | ||||
r-release-macos-x86_64 | 2.17.1 | NOTE | ||||
r-release-windows-ix86+x86_64 | 2.17.1 | 55.00 | 109.00 | 164.00 | NOTE | |
r-oldrel-macos-x86_64 | 2.17.1 | NOTE | ||||
r-oldrel-windows-ix86+x86_64 | 2.17.1 | 47.00 | 140.00 | 187.00 | NOTE |
Version: 2.17.1
Check: package dependencies
Result: NOTE
Package which this enhances but not available for checking: 'asreml'
Flavors: r-devel-linux-x86_64-debian-clang, r-devel-linux-x86_64-debian-gcc, r-devel-linux-x86_64-fedora-clang, r-devel-linux-x86_64-fedora-gcc, r-devel-windows-x86_64, r-devel-windows-x86_64-gcc10-UCRT, r-patched-linux-x86_64, r-patched-solaris-x86, r-release-linux-x86_64, r-release-macos-arm64, r-release-macos-x86_64, r-release-windows-ix86+x86_64, r-oldrel-macos-x86_64, r-oldrel-windows-ix86+x86_64