CRAN Package Check Results for Package n1qn1

Last updated on 2021-11-01 00:49:46 CET.

Flavor Version Tinstall Tcheck Ttotal Status Flags
r-devel-linux-x86_64-debian-clang 6.0.1-10 22.13 25.72 47.85 NOTE
r-devel-linux-x86_64-debian-gcc 6.0.1-10 14.59 20.81 35.40 NOTE
r-devel-linux-x86_64-fedora-clang 6.0.1-10 72.03 NOTE
r-devel-linux-x86_64-fedora-gcc 6.0.1-10 59.39 NOTE
r-devel-windows-x86_64 6.0.1-10 29.00 46.00 75.00 NOTE
r-devel-windows-x86_64-gcc10-UCRT 6.0.1-10 NOTE
r-patched-linux-x86_64 6.0.1-10 15.87 25.10 40.97 NOTE
r-patched-solaris-x86 6.0.1-10 73.40 NOTE
r-release-linux-x86_64 6.0.1-10 15.80 25.17 40.97 NOTE
r-release-macos-arm64 6.0.1-10 NOTE
r-release-macos-x86_64 6.0.1-10 NOTE
r-release-windows-ix86+x86_64 6.0.1-10 43.00 54.00 97.00 NOTE
r-oldrel-macos-x86_64 6.0.1-10 OK
r-oldrel-windows-ix86+x86_64 6.0.1-10 43.00 68.00 111.00 OK

Check Details

Version: 6.0.1-10
Check: LazyData
Result: NOTE
     'LazyData' is specified without a 'data' directory
Flavors: r-devel-linux-x86_64-debian-clang, r-devel-linux-x86_64-debian-gcc, r-devel-linux-x86_64-fedora-clang, r-devel-linux-x86_64-fedora-gcc, r-devel-windows-x86_64, r-devel-windows-x86_64-gcc10-UCRT, r-patched-linux-x86_64, r-patched-solaris-x86, r-release-linux-x86_64, r-release-macos-arm64, r-release-macos-x86_64, r-release-windows-ix86+x86_64