CRAN Package Check Results for Package mvPot

Last updated on 2021-11-01 00:49:46 CET.

Flavor Version Tinstall Tcheck Ttotal Status Flags
r-devel-linux-x86_64-debian-clang 0.1.5 5.36 34.44 39.80 OK
r-devel-linux-x86_64-debian-gcc 0.1.5 4.11 26.11 30.22 OK
r-devel-linux-x86_64-fedora-clang 0.1.5 60.40 NOTE
r-devel-linux-x86_64-fedora-gcc 0.1.5 49.40 OK
r-devel-windows-x86_64 0.1.5 8.00 47.00 55.00 OK
r-devel-windows-x86_64-gcc10-UCRT 0.1.5 OK
r-patched-linux-x86_64 0.1.5 4.93 33.34 38.27 OK
r-patched-solaris-x86 0.1.5 75.00 OK
r-release-linux-x86_64 0.1.5 5.06 33.47 38.53 OK
r-release-macos-arm64 0.1.5 OK
r-release-macos-x86_64 0.1.5 OK
r-release-windows-ix86+x86_64 0.1.5 10.00 64.00 74.00 OK
r-oldrel-macos-x86_64 0.1.5 OK
r-oldrel-windows-ix86+x86_64 0.1.5 11.00 76.00 87.00 OK

Check Details

Version: 0.1.5
Check: Rd cross-references
Result: NOTE
    Undeclared package ‘mev’ in Rd xrefs
Flavor: r-devel-linux-x86_64-fedora-clang