CRAN Package Check Results for Package multilevelTools

Last updated on 2021-11-01 00:49:45 CET.

Flavor Version Tinstall Tcheck Ttotal Status Flags
r-devel-linux-x86_64-debian-clang 0.1.1 21.44 232.40 253.84 NOTE
r-devel-linux-x86_64-debian-gcc 0.1.1 17.02 190.99 208.01 NOTE
r-devel-linux-x86_64-fedora-clang 0.1.1 337.22 NOTE
r-devel-linux-x86_64-fedora-gcc 0.1.1 292.27 NOTE
r-devel-windows-x86_64 0.1.1 32.00 200.00 232.00 NOTE
r-devel-windows-x86_64-gcc10-UCRT 0.1.1 NOTE
r-patched-linux-x86_64 0.1.1 25.42 216.86 242.28 NOTE
r-patched-solaris-x86 0.1.1 364.60 NOTE
r-release-linux-x86_64 0.1.1 20.24 240.22 260.46 NOTE
r-release-macos-arm64 0.1.1 NOTE
r-release-macos-x86_64 0.1.1 NOTE
r-release-windows-ix86+x86_64 0.1.1 34.00 200.00 234.00 NOTE
r-oldrel-macos-x86_64 0.1.1 OK
r-oldrel-windows-ix86+x86_64 0.1.1 32.00 279.00 311.00 OK

Check Details

Version: 0.1.1
Check: LazyData
Result: NOTE
     'LazyData' is specified without a 'data' directory
Flavors: r-devel-linux-x86_64-debian-clang, r-devel-linux-x86_64-debian-gcc, r-devel-linux-x86_64-fedora-clang, r-devel-linux-x86_64-fedora-gcc, r-devel-windows-x86_64, r-devel-windows-x86_64-gcc10-UCRT, r-patched-linux-x86_64, r-patched-solaris-x86, r-release-linux-x86_64, r-release-macos-arm64, r-release-macos-x86_64, r-release-windows-ix86+x86_64