Last updated on 2021-11-01 00:49:45 CET.
Flavor | Version | Tinstall | Tcheck | Ttotal | Status | Flags |
---|---|---|---|---|---|---|
r-devel-linux-x86_64-debian-clang | 0.6.2 | 2.14 | 28.57 | 30.71 | OK | |
r-devel-linux-x86_64-debian-gcc | 0.6.2 | 1.98 | 22.85 | 24.83 | OK | |
r-devel-linux-x86_64-fedora-clang | 0.6.2 | 49.49 | NOTE | |||
r-devel-linux-x86_64-fedora-gcc | 0.6.2 | 37.73 | NOTE | |||
r-devel-windows-x86_64 | 0.6.2 | 4.00 | 38.00 | 42.00 | OK | |
r-devel-windows-x86_64-gcc10-UCRT | 0.6.2 | NOTE | ||||
r-patched-linux-x86_64 | 0.6.2 | 5.23 | 28.03 | 33.26 | OK | |
r-patched-solaris-x86 | 0.6.2 | 59.90 | NOTE | |||
r-release-linux-x86_64 | 0.6.2 | 2.42 | 27.77 | 30.19 | OK | |
r-release-macos-arm64 | 0.6.2 | NOTE | ||||
r-release-macos-x86_64 | 0.6.2 | NOTE | ||||
r-release-windows-ix86+x86_64 | 0.6.2 | 4.00 | 39.00 | 43.00 | OK | |
r-oldrel-macos-x86_64 | 0.6.2 | NOTE | ||||
r-oldrel-windows-ix86+x86_64 | 0.6.2 | 5.00 | 47.00 | 52.00 | OK |
Version: 0.6.2
Check: data for non-ASCII characters
Result: NOTE
Note: found 26 marked UTF-8 strings
Flavors: r-devel-linux-x86_64-fedora-clang, r-devel-linux-x86_64-fedora-gcc, r-devel-windows-x86_64-gcc10-UCRT, r-patched-solaris-x86, r-release-macos-arm64, r-release-macos-x86_64, r-oldrel-macos-x86_64