Last updated on 2021-11-01 00:49:45 CET.
Flavor | Version | Tinstall | Tcheck | Ttotal | Status | Flags |
---|---|---|---|---|---|---|
r-devel-linux-x86_64-debian-clang | 0.2 | 13.51 | 53.94 | 67.45 | NOTE | |
r-devel-linux-x86_64-debian-gcc | 0.2 | 11.67 | 41.60 | 53.27 | NOTE | |
r-devel-linux-x86_64-fedora-clang | 0.2 | 100.64 | NOTE | |||
r-devel-linux-x86_64-fedora-gcc | 0.2 | 81.75 | NOTE | |||
r-devel-windows-x86_64 | 0.2 | 20.00 | 62.00 | 82.00 | NOTE | |
r-devel-windows-x86_64-gcc10-UCRT | 0.2 | NOTE | ||||
r-patched-linux-x86_64 | 0.2 | 13.47 | 51.91 | 65.38 | NOTE | |
r-patched-solaris-x86 | 0.2 | 131.90 | NOTE | |||
r-release-linux-x86_64 | 0.2 | 12.99 | 51.03 | 64.02 | NOTE | |
r-release-macos-arm64 | 0.2 | NOTE | ||||
r-release-macos-x86_64 | 0.2 | NOTE | ||||
r-release-windows-ix86+x86_64 | 0.2 | 27.00 | 84.00 | 111.00 | NOTE | |
r-oldrel-macos-x86_64 | 0.2 | OK | ||||
r-oldrel-windows-ix86+x86_64 | 0.2 | 26.00 | 113.00 | 139.00 | OK |
Version: 0.2
Check: LazyData
Result: NOTE
'LazyData' is specified without a 'data' directory
Flavors: r-devel-linux-x86_64-debian-clang, r-devel-linux-x86_64-debian-gcc, r-devel-linux-x86_64-fedora-clang, r-devel-linux-x86_64-fedora-gcc, r-devel-windows-x86_64, r-devel-windows-x86_64-gcc10-UCRT, r-patched-linux-x86_64, r-patched-solaris-x86, r-release-linux-x86_64, r-release-macos-arm64, r-release-macos-x86_64, r-release-windows-ix86+x86_64
Version: 0.2
Check: compiled code
Result: NOTE
File ‘mpbart/libs/mpbart.so’:
Found no calls to: ‘R_registerRoutines’, ‘R_useDynamicSymbols’
It is good practice to register native routines and to disable symbol
search.
See ‘Writing portable packages’ in the ‘Writing R Extensions’ manual.
Flavors: r-devel-linux-x86_64-fedora-clang, r-devel-linux-x86_64-fedora-gcc