CRAN Package Check Results for Package mortAAR

Last updated on 2021-11-01 00:49:45 CET.

Flavor Version Tinstall Tcheck Ttotal Status Flags
r-devel-linux-x86_64-debian-clang 1.1.1 4.08 71.94 76.02 OK
r-devel-linux-x86_64-debian-gcc 1.1.1 3.22 54.17 57.39 OK
r-devel-linux-x86_64-fedora-clang 1.1.1 98.68 OK
r-devel-linux-x86_64-fedora-gcc 1.1.1 87.49 OK
r-devel-windows-x86_64 1.1.1 7.00 78.00 85.00 OK
r-devel-windows-x86_64-gcc10-UCRT 1.1.1 WARN
r-patched-linux-x86_64 1.1.1 4.96 74.47 79.43 OK
r-patched-solaris-x86 1.1.1 92.80 OK
r-release-linux-x86_64 1.1.1 3.64 73.58 77.22 OK
r-release-macos-arm64 1.1.1 OK
r-release-macos-x86_64 1.1.1 OK
r-release-windows-ix86+x86_64 1.1.1 6.00 76.00 82.00 OK
r-oldrel-macos-x86_64 1.1.1 OK
r-oldrel-windows-ix86+x86_64 1.1.1 5.00 102.00 107.00 OK

Check Details

Version: 1.1.1
Check: re-building of vignette outputs
Result: WARN
    Error(s) in re-building vignettes:
    --- re-building 'mortAAR_vignette-1.Rmd' using rmarkdown
    File .csl not found in resource path
    Error: processing vignette 'mortAAR_vignette-1.Rmd' failed with diagnostics:
    pandoc document conversion failed with error 99
    --- failed re-building 'mortAAR_vignette-1.Rmd'
    
    --- re-building 'mortAAR_vignette_extended.Rmd' using rmarkdown
    File .csl not found in resource path
    Error: processing vignette 'mortAAR_vignette_extended.Rmd' failed with diagnostics:
    pandoc document conversion failed with error 99
    --- failed re-building 'mortAAR_vignette_extended.Rmd'
    
    --- re-building 'mortAAR_vignette_lt_correction.Rmd' using rmarkdown
    File .csl not found in resource path
    Error: processing vignette 'mortAAR_vignette_lt_correction.Rmd' failed with diagnostics:
    pandoc document conversion failed with error 99
    --- failed re-building 'mortAAR_vignette_lt_correction.Rmd'
    
    --- re-building 'mortAAR_vignette_reproduction.Rmd' using rmarkdown
    Warning in get_engine(options$engine) :
     Unknown language engine 'oxcal' (must be registered via knit_engines$set()).
    File .csl not found in resource path
    Error: processing vignette 'mortAAR_vignette_reproduction.Rmd' failed with diagnostics:
    pandoc document conversion failed with error 99
    --- failed re-building 'mortAAR_vignette_reproduction.Rmd'
    
    SUMMARY: processing the following files failed:
     'mortAAR_vignette-1.Rmd' 'mortAAR_vignette_extended.Rmd' 'mortAAR_vignette_lt_correction.Rmd' 'mortAAR_vignette_reproduction.Rmd'
    
    Error: Vignette re-building failed.
    Execution halted
Flavor: r-devel-windows-x86_64-gcc10-UCRT