CRAN Package Check Results for Package mongopipe

Last updated on 2021-11-01 00:49:45 CET.

Flavor Version Tinstall Tcheck Ttotal Status Flags
r-devel-linux-x86_64-debian-clang 0.1.1 2.15 24.83 26.98 NOTE
r-devel-linux-x86_64-debian-gcc 0.1.1 1.69 20.15 21.84 NOTE
r-devel-linux-x86_64-fedora-clang 0.1.1 44.07 NOTE
r-devel-linux-x86_64-fedora-gcc 0.1.1 32.60 NOTE
r-devel-windows-x86_64 0.1.1 5.00 32.00 37.00 NOTE
r-devel-windows-x86_64-gcc10-UCRT 0.1.1 NOTE
r-patched-linux-x86_64 0.1.1 1.99 24.08 26.07 NOTE
r-patched-solaris-x86 0.1.1 53.70 NOTE
r-release-linux-x86_64 0.1.1 2.07 24.20 26.27 NOTE
r-release-macos-arm64 0.1.1 NOTE
r-release-macos-x86_64 0.1.1 NOTE
r-release-windows-ix86+x86_64 0.1.1 4.00 35.00 39.00 NOTE
r-oldrel-macos-x86_64 0.1.1 OK
r-oldrel-windows-ix86+x86_64 0.1.1 5.00 39.00 44.00 OK

Check Details

Version: 0.1.1
Check: LazyData
Result: NOTE
     'LazyData' is specified without a 'data' directory
Flavors: r-devel-linux-x86_64-debian-clang, r-devel-linux-x86_64-debian-gcc, r-devel-linux-x86_64-fedora-clang, r-devel-linux-x86_64-fedora-gcc, r-devel-windows-x86_64, r-devel-windows-x86_64-gcc10-UCRT, r-patched-linux-x86_64, r-patched-solaris-x86, r-release-linux-x86_64, r-release-macos-arm64, r-release-macos-x86_64, r-release-windows-ix86+x86_64