Last updated on 2021-11-01 00:49:45 CET.
Flavor | Version | Tinstall | Tcheck | Ttotal | Status | Flags |
---|---|---|---|---|---|---|
r-devel-linux-x86_64-debian-clang | 1.5.4 | 123.85 | 300.35 | 424.20 | OK | |
r-devel-linux-x86_64-debian-gcc | 1.5.4 | 97.28 | 219.55 | 316.83 | OK | |
r-devel-linux-x86_64-fedora-clang | 1.5.4 | 582.52 | NOTE | |||
r-devel-linux-x86_64-fedora-gcc | 1.5.4 | 523.45 | OK | |||
r-devel-windows-x86_64 | 1.5.4 | 176.00 | 290.00 | 466.00 | OK | |
r-devel-windows-x86_64-gcc10-UCRT | 1.5.4 | OK | ||||
r-patched-linux-x86_64 | 1.5.4 | 124.25 | 286.31 | 410.56 | OK | |
r-patched-solaris-x86 | 1.5.4 | 6.00 | ERROR | |||
r-release-linux-x86_64 | 1.5.4 | 114.73 | 286.60 | 401.33 | OK | |
r-release-macos-arm64 | 1.5.4 | NOTE | ||||
r-release-macos-x86_64 | 1.5.4 | NOTE | ||||
r-release-windows-ix86+x86_64 | 1.5.4 | 219.00 | 332.00 | 551.00 | NOTE | |
r-oldrel-macos-x86_64 | 1.5.4 | NOTE | ||||
r-oldrel-windows-ix86+x86_64 | 1.5.4 | 206.00 | 379.00 | 585.00 | NOTE |
Version: 1.5.4
Check: installed package size
Result: NOTE
installed size is 7.5Mb
sub-directories of 1Mb or more:
R 1.2Mb
doc 1.7Mb
libs 3.9Mb
Flavors: r-devel-linux-x86_64-fedora-clang, r-release-macos-arm64, r-release-macos-x86_64, r-release-windows-ix86+x86_64, r-oldrel-macos-x86_64, r-oldrel-windows-ix86+x86_64
Version: 1.5.4
Check: package dependencies
Result: ERROR
Package required but not available: ‘crawl’
See section ‘The DESCRIPTION file’ in the ‘Writing R Extensions’
manual.
Flavor: r-patched-solaris-x86