Last updated on 2021-11-01 00:49:45 CET.
Flavor | Version | Tinstall | Tcheck | Ttotal | Status | Flags |
---|---|---|---|---|---|---|
r-devel-linux-x86_64-debian-clang | 3.0.0 | 4.56 | 402.00 | 406.56 | OK | |
r-devel-linux-x86_64-debian-gcc | 3.0.0 | 3.96 | 306.56 | 310.52 | OK | |
r-devel-linux-x86_64-fedora-clang | 3.0.0 | 449.01 | OK | |||
r-devel-linux-x86_64-fedora-gcc | 3.0.0 | 427.27 | OK | |||
r-devel-windows-x86_64 | 3.0.0 | 9.00 | 252.00 | 261.00 | OK | |
r-devel-windows-x86_64-gcc10-UCRT | 3.0.0 | OK | ||||
r-patched-linux-x86_64 | 3.0.0 | 5.63 | 375.36 | 380.99 | OK | |
r-patched-solaris-x86 | 3.0.0 | 583.50 | OK | |||
r-release-linux-x86_64 | 3.0.0 | 4.45 | 370.72 | 375.17 | OK | |
r-release-macos-arm64 | 3.0.0 | OK | ||||
r-release-macos-x86_64 | 3.0.0 | WARN | ||||
r-release-windows-ix86+x86_64 | 3.0.0 | 9.00 | 240.00 | 249.00 | OK | |
r-oldrel-macos-x86_64 | 3.0.0 | WARN | ||||
r-oldrel-windows-ix86+x86_64 | 3.0.0 | 7.00 | 330.00 | 337.00 | OK |
Version: 3.0.0
Check: re-building of vignette outputs
Result: WARN
Error(s) in re-building vignettes:
--- re-building ‘ms-perks-features.Rmd’ using rmarkdown
Warning in engine$weave(file, quiet = quiet, encoding = enc) :
Pandoc (>= 1.12.3) not available. Falling back to R Markdown v1.
--- finished re-building ‘ms-perks-features.Rmd’
--- re-building ‘ms-r-python-examples.Rmd’ using rmarkdown
Warning in engine$weave(file, quiet = quiet, encoding = enc) :
Pandoc (>= 1.12.3) not available. Falling back to R Markdown v1.
--- finished re-building ‘ms-r-python-examples.Rmd’
--- re-building ‘ms-rmarkdown.Rmd’ using rmarkdown
Warning in engine$weave(file, quiet = quiet, encoding = enc) :
Pandoc (>= 1.12.3) not available. Falling back to R Markdown v1.
Welcome to DALEX (version: 2.2.1).
Find examples and detailed introduction at: http://ema.drwhy.ai/
`new_observation` argument is NULL. `new_observation_n` observations needed to calculate local explanations are taken from the data.
PhantomJS not found. You can install it with webshot::install_phantomjs(). If it is installed, please make sure the phantomjs executable can be found via the PATH variable.
PhantomJS not found. You can install it with webshot::install_phantomjs(). If it is installed, please make sure the phantomjs executable can be found via the PATH variable.
Quitting from lines 59-75 (ms-rmarkdown.Rmd)
Error: processing vignette 'ms-rmarkdown.Rmd' failed with diagnostics:
invalid 'path' argument
--- failed re-building ‘ms-rmarkdown.Rmd’
SUMMARY: processing the following file failed:
‘ms-rmarkdown.Rmd’
Error: Vignette re-building failed.
Execution halted
Flavors: r-release-macos-x86_64, r-oldrel-macos-x86_64