CRAN Package Check Results for Package mniw

Last updated on 2021-11-01 00:49:45 CET.

Flavor Version Tinstall Tcheck Ttotal Status Flags
r-devel-linux-x86_64-debian-clang 1.0 143.53 90.67 234.20 OK
r-devel-linux-x86_64-debian-gcc 1.0 113.15 70.16 183.31 OK
r-devel-linux-x86_64-fedora-clang 1.0 370.89 NOTE
r-devel-linux-x86_64-fedora-gcc 1.0 330.10 OK
r-devel-windows-x86_64 1.0 181.00 103.00 284.00 OK
r-devel-windows-x86_64-gcc10-UCRT 1.0 OK
r-patched-linux-x86_64 1.0 139.15 90.99 230.14 OK
r-patched-solaris-x86 1.0 281.70 OK
r-release-linux-x86_64 1.0 135.67 90.21 225.88 OK
r-release-macos-arm64 1.0 NOTE
r-release-macos-x86_64 1.0 NOTE
r-release-windows-ix86+x86_64 1.0 249.00 159.00 408.00 OK
r-oldrel-macos-x86_64 1.0 NOTE
r-oldrel-windows-ix86+x86_64 1.0 270.00 204.00 474.00 OK

Check Details

Version: 1.0
Check: installed package size
Result: NOTE
     installed size is 15.9Mb
     sub-directories of 1Mb or more:
     libs 15.6Mb
Flavors: r-devel-linux-x86_64-fedora-clang, r-release-macos-arm64, r-release-macos-x86_64, r-oldrel-macos-x86_64